CRAN Package Check Results for Package rang

Last updated on 2024-06-13 22:49:41 CEST.

Flavor Version Tinstall Tcheck Ttotal Status Flags
r-devel-linux-x86_64-debian-clang 0.3.0 7.03 69.05 76.08 OK
r-devel-linux-x86_64-debian-gcc 0.3.0 0.56 1.85 2.41 ERROR
r-devel-linux-x86_64-fedora-clang 0.3.0 93.87 NOTE
r-devel-linux-x86_64-fedora-gcc 0.3.0 100.52 OK
r-devel-windows-x86_64 0.3.0 6.00 82.00 88.00 OK
r-patched-linux-x86_64 0.3.0 6.31 66.21 72.52 OK
r-release-linux-x86_64 0.3.0 4.92 67.27 72.19 OK
r-release-macos-arm64 0.3.0 51.00 OK
r-release-macos-x86_64 0.3.0 73.00 OK
r-release-windows-x86_64 0.3.0 6.00 81.00 87.00 OK
r-oldrel-macos-arm64 0.3.0 143.00 OK
r-oldrel-macos-x86_64 0.3.0 101.00 OK
r-oldrel-windows-x86_64 0.3.0 7.00 87.00 94.00 OK

Check Details

Version: 0.3.0
Check: package dependencies
Result: ERROR Package required but not available: ‘vctrs’ Package suggested but not available for checking: ‘testthat’ See section ‘The DESCRIPTION file’ in the ‘Writing R Extensions’ manual. Flavor: r-devel-linux-x86_64-debian-gcc

Version: 0.3.0
Check: Rd cross-references
Result: NOTE Undeclared package ‘igraph’ in Rd xrefs Flavor: r-devel-linux-x86_64-fedora-clang