Last updated on 2023-02-04 22:54:59 CET.
Flavor | Version | Tinstall | Tcheck | Ttotal | Status | Flags |
---|---|---|---|---|---|---|
r-devel-linux-x86_64-debian-clang | 0.1.4 | 3.55 | 88.25 | 91.80 | NOTE | |
r-devel-linux-x86_64-debian-gcc | 0.1.4 | 3.05 | 66.46 | 69.51 | NOTE | |
r-devel-linux-x86_64-fedora-clang | 0.1.4 | 120.86 | NOTE | |||
r-devel-linux-x86_64-fedora-gcc | 0.1.4 | 120.34 | NOTE | |||
r-devel-windows-x86_64 | 0.1.4 | 122.00 | 116.00 | 238.00 | OK | |
r-patched-linux-x86_64 | 0.1.4 | 4.24 | 86.08 | 90.32 | NOTE | |
r-release-linux-x86_64 | 0.1.4 | 2.34 | 71.67 | 74.01 | NOTE | |
r-release-macos-arm64 | 0.1.4 | 36.00 | NOTE | |||
r-release-macos-x86_64 | 0.1.4 | 55.00 | NOTE | |||
r-release-windows-x86_64 | 0.1.4 | 103.00 | 114.00 | 217.00 | OK | |
r-oldrel-macos-arm64 | 0.1.4 | 34.00 | NOTE | |||
r-oldrel-macos-x86_64 | 0.1.4 | 38.00 | NOTE | |||
r-oldrel-windows-ix86+x86_64 | 0.1.4 | 11.00 | 120.00 | 131.00 | OK |
Version: 0.1.4
Check: package dependencies
Result: NOTE
Package suggested but not available for checking: ‘googlesheets’
Flavors: r-devel-linux-x86_64-debian-clang, r-devel-linux-x86_64-debian-gcc, r-devel-linux-x86_64-fedora-clang, r-devel-linux-x86_64-fedora-gcc, r-patched-linux-x86_64, r-release-linux-x86_64, r-release-macos-x86_64
Version: 0.1.4
Check: dependencies in R code
Result: NOTE
Namespaces in Imports field not imported from:
‘MASS’ ‘dplyr’ ‘jsonlite’ ‘rgbif’ ‘rgdal’ ‘rgeos’ ‘sp’ ‘spThin’
‘spatstat’
All declared Imports should be used.
Flavors: r-devel-linux-x86_64-fedora-clang, r-devel-linux-x86_64-fedora-gcc, r-release-macos-arm64, r-release-macos-x86_64, r-oldrel-macos-arm64, r-oldrel-macos-x86_64