Last updated on 2023-01-28 22:55:23 CET.
Flavor | Version | Tinstall | Tcheck | Ttotal | Status | Flags |
---|---|---|---|---|---|---|
r-devel-linux-x86_64-debian-clang | 0.1.18 | 45.76 | 377.44 | 423.20 | OK | |
r-devel-linux-x86_64-debian-gcc | 0.1.18 | 33.71 | 274.05 | 307.76 | OK | |
r-devel-linux-x86_64-fedora-clang | 0.1.18 | 506.85 | NOTE | |||
r-devel-linux-x86_64-fedora-gcc | 0.1.18 | 516.91 | NOTE | |||
r-patched-linux-x86_64 | 0.1.18 | 39.35 | 363.12 | 402.47 | OK | |
r-release-linux-x86_64 | 0.1.18 | 35.65 | 357.77 | 393.42 | OK | |
r-release-macos-arm64 | 0.1.18 | 116.00 | NOTE | |||
r-release-macos-x86_64 | 0.1.18 | 217.00 | NOTE | |||
r-release-windows-x86_64 | 0.1.18 | 78.00 | 458.00 | 536.00 | OK | |
r-oldrel-macos-arm64 | 0.1.18 | 94.00 | NOTE | |||
r-oldrel-macos-x86_64 | 0.1.18 | 89.00 | NOTE | |||
r-oldrel-windows-ix86+x86_64 | 0.1.18 | 140.00 | 407.00 | 547.00 | OK |
Version: 0.1.18
Check: data for non-ASCII characters
Result: NOTE
Note: found 7734 marked UTF-8 strings
Flavors: r-devel-linux-x86_64-fedora-clang, r-devel-linux-x86_64-fedora-gcc, r-release-macos-arm64, r-release-macos-x86_64, r-oldrel-macos-arm64, r-oldrel-macos-x86_64