CRAN Package Check Results for Package rankinPlot

Last updated on 2024-02-24 21:40:30 CET.

Flavor Version Tinstall Tcheck Ttotal Status Flags
r-devel-linux-x86_64-debian-clang 1.1.0 2.11 30.12 32.23 NOTE
r-devel-linux-x86_64-debian-gcc 1.1.0 1.76 23.54 25.30 NOTE
r-devel-linux-x86_64-fedora-clang 1.1.0 40.61 OK
r-devel-linux-x86_64-fedora-gcc 1.1.0 39.26 OK
r-devel-windows-x86_64 1.1.0 3.00 50.00 53.00 OK
r-patched-linux-x86_64 1.1.0 1.94 30.06 32.00 OK
r-release-linux-x86_64 1.1.0 2.35 29.87 32.22 OK
r-release-macos-arm64 1.1.0 21.00 OK
r-release-macos-x86_64 1.1.0 24.00 OK
r-release-windows-x86_64 1.1.0 4.00 49.00 53.00 OK
r-oldrel-macos-arm64 1.1.0 16.00 OK
r-oldrel-windows-x86_64 1.1.0 4.00 55.00 59.00 OK

Check Details

Version: 1.1.0
Check: Rd files
Result: NOTE checkRd: (-1) grottaBar.Rd:69: Lost braces in \itemize; meant \describe ? checkRd: (-1) grottaBar.Rd:70: Lost braces in \itemize; meant \describe ? checkRd: (-1) grottaBar.Rd:71: Lost braces in \itemize; meant \describe ? checkRd: (-1) grottaBar.Rd:79: Lost braces in \itemize; meant \describe ? checkRd: (-1) grottaBar.Rd:80: Lost braces in \itemize; meant \describe ? checkRd: (-1) grottaBar.Rd:81: Lost braces in \itemize; meant \describe ? checkRd: (-1) grottaBar.Rd:82: Lost braces in \itemize; meant \describe ? checkRd: (-1) grottaBar.Rd:83: Lost braces in \itemize; meant \describe ? Flavors: r-devel-linux-x86_64-debian-clang, r-devel-linux-x86_64-debian-gcc