Last updated on 2023-12-07 21:55:58 CET.
Flavor | Version | Tinstall | Tcheck | Ttotal | Status | Flags |
---|---|---|---|---|---|---|
r-devel-linux-x86_64-debian-clang | 0.2.0 | 6.42 | 54.75 | 61.17 | NOTE | |
r-devel-linux-x86_64-debian-gcc | 0.2.0 | 4.80 | 40.39 | 45.19 | NOTE | |
r-devel-linux-x86_64-fedora-clang | 0.2.0 | 74.52 | NOTE | |||
r-devel-linux-x86_64-fedora-gcc | 0.2.0 | 80.97 | NOTE | |||
r-devel-windows-x86_64 | 0.2.0 | 6.00 | 62.00 | 68.00 | NOTE | |
r-patched-linux-x86_64 | 0.2.0 | 4.15 | 51.25 | 55.40 | NOTE | |
r-release-linux-x86_64 | 0.2.0 | 4.04 | 50.61 | 54.65 | NOTE | |
r-release-macos-arm64 | 0.2.0 | 35.00 | NOTE | |||
r-release-macos-x86_64 | 0.2.0 | 44.00 | NOTE | |||
r-release-windows-x86_64 | 0.2.0 | 8.00 | 69.00 | 77.00 | NOTE | |
r-oldrel-macos-arm64 | 0.2.0 | 28.00 | NOTE | |||
r-oldrel-macos-x86_64 | 0.2.0 | 56.00 | NOTE | |||
r-oldrel-windows-x86_64 | 0.2.0 | 8.00 | 69.00 | 77.00 | NOTE |
Version: 0.2.0
Check: LazyData
Result: NOTE
'LazyData' is specified without a 'data' directory
Flavors: r-devel-linux-x86_64-debian-clang, r-devel-linux-x86_64-debian-gcc, r-devel-linux-x86_64-fedora-clang, r-devel-linux-x86_64-fedora-gcc, r-devel-windows-x86_64, r-patched-linux-x86_64, r-release-linux-x86_64, r-release-macos-arm64, r-release-macos-x86_64, r-release-windows-x86_64, r-oldrel-macos-arm64, r-oldrel-macos-x86_64, r-oldrel-windows-x86_64