Last updated on 2023-01-26 23:00:25 CET.
Flavor | Version | Tinstall | Tcheck | Ttotal | Status | Flags |
---|---|---|---|---|---|---|
r-devel-linux-x86_64-debian-clang | 0.2.0 | 5.75 | 56.53 | 62.28 | NOTE | |
r-devel-linux-x86_64-debian-gcc | 0.2.0 | 4.20 | 42.28 | 46.48 | NOTE | |
r-devel-linux-x86_64-fedora-clang | 0.2.0 | 76.56 | NOTE | |||
r-devel-linux-x86_64-fedora-gcc | 0.2.0 | 84.75 | NOTE | |||
r-patched-linux-x86_64 | 0.2.0 | 6.11 | 54.01 | 60.12 | NOTE | |
r-release-linux-x86_64 | 0.2.0 | 5.88 | 55.88 | 61.76 | NOTE | |
r-release-macos-arm64 | 0.2.0 | 28.00 | NOTE | |||
r-release-macos-x86_64 | 0.2.0 | 56.00 | NOTE | |||
r-release-windows-x86_64 | 0.2.0 | 12.00 | 85.00 | 97.00 | NOTE | |
r-oldrel-macos-arm64 | 0.2.0 | 30.00 | NOTE | |||
r-oldrel-macos-x86_64 | 0.2.0 | 39.00 | NOTE | |||
r-oldrel-windows-ix86+x86_64 | 0.2.0 | 16.00 | 80.00 | 96.00 | NOTE |
Version: 0.2.0
Check: LazyData
Result: NOTE
'LazyData' is specified without a 'data' directory
Flavors: r-devel-linux-x86_64-debian-clang, r-devel-linux-x86_64-debian-gcc, r-devel-linux-x86_64-fedora-clang, r-devel-linux-x86_64-fedora-gcc, r-patched-linux-x86_64, r-release-linux-x86_64, r-release-macos-arm64, r-release-macos-x86_64, r-release-windows-x86_64, r-oldrel-macos-arm64, r-oldrel-macos-x86_64, r-oldrel-windows-ix86+x86_64