Last updated on 2024-05-03 22:53:22 CEST.
Flavor | Version | Tinstall | Tcheck | Ttotal | Status | Flags |
---|---|---|---|---|---|---|
r-devel-linux-x86_64-debian-clang | 0.0.3 | 66.66 | 53.65 | 120.31 | NOTE | |
r-devel-linux-x86_64-fedora-clang | 0.0.3 | 170.47 | NOTE | |||
r-devel-linux-x86_64-fedora-gcc | 0.0.3 | 182.31 | NOTE | |||
r-devel-windows-x86_64 | 0.0.3 | 63.00 | 87.00 | 150.00 | NOTE | |
r-patched-linux-x86_64 | 0.0.3 | 49.10 | 54.65 | 103.75 | OK | |
r-release-linux-x86_64 | 0.0.3 | 51.80 | 55.38 | 107.18 | OK | |
r-release-macos-arm64 | 0.0.3 | 47.00 | NOTE | |||
r-release-macos-x86_64 | 0.0.3 | 65.00 | NOTE | |||
r-release-windows-x86_64 | 0.0.3 | 57.00 | 80.00 | 137.00 | OK | |
r-oldrel-macos-arm64 | 0.0.3 | 50.00 | NOTE | |||
r-oldrel-macos-x86_64 | 0.0.3 | 71.00 | NOTE | |||
r-oldrel-windows-x86_64 | 0.0.3 | 71.00 | 97.00 | 168.00 | OK |
Version: 0.0.3
Check: compiled code
Result: NOTE
File ‘rar/libs/rar.so’:
Found non-API calls to R: ‘SETLENGTH’, ‘SET_TRUELENGTH’
Compiled code should not call non-API entry points in R.
See ‘Writing portable packages’ in the ‘Writing R Extensions’ manual.
Flavors: r-devel-linux-x86_64-debian-clang, r-devel-linux-x86_64-fedora-clang, r-devel-linux-x86_64-fedora-gcc
Version: 0.0.3
Check: compiled code
Result: NOTE
File 'rar/libs/x64/rar.dll':
Found non-API calls to R: 'SETLENGTH', 'SET_TRUELENGTH'
Compiled code should not call non-API entry points in R.
See 'Writing portable packages' in the 'Writing R Extensions' manual.
Flavor: r-devel-windows-x86_64
Version: 0.0.3
Check: installed package size
Result: NOTE
installed size is 8.9Mb
sub-directories of 1Mb or more:
libs 8.7Mb
Flavors: r-release-macos-arm64, r-release-macos-x86_64, r-oldrel-macos-arm64, r-oldrel-macos-x86_64