CRAN Package Check Results for Package raster

Last updated on 2022-12-01 23:00:03 CET.

Flavor Version Tinstall Tcheck Ttotal Status Flags
r-devel-linux-x86_64-debian-clang 3.6-3 257.74 495.63 753.37 WARN
r-devel-linux-x86_64-debian-gcc 3.6-11 195.60 355.22 550.82 OK
r-devel-linux-x86_64-fedora-clang 3.6-11 1042.70 OK
r-devel-linux-x86_64-fedora-gcc 3.6-11 966.91 OK
r-devel-windows-x86_64 3.6-11 400.00 575.00 975.00 NOTE
r-patched-linux-x86_64 3.6-11 209.86 464.41 674.27 OK
r-release-linux-x86_64 3.6-11 211.02 472.88 683.90 OK
r-release-macos-arm64 3.6-11 189.00 NOTE
r-release-macos-x86_64 3.6-11 260.00 NOTE
r-release-windows-x86_64 3.6-11 381.00 587.00 968.00 NOTE
r-oldrel-macos-arm64 3.6-3 184.00 NOTE
r-oldrel-macos-x86_64 3.6-11 251.00 NOTE
r-oldrel-windows-ix86+x86_64 3.6-11 394.00 560.00 954.00 NOTE

Check Details

Version: 3.6-3
Check: whether package can be installed
Result: WARN
    Found the following significant warnings:
     geodesic.c:50:17: warning: a function declaration without a prototype is deprecated in all versions of C [-Wstrict-prototypes]
Flavor: r-devel-linux-x86_64-debian-clang

Version: 3.6-11
Check: installed package size
Result: NOTE
     installed size is 5.5Mb
     sub-directories of 1Mb or more:
     R 3.0Mb
     libs 1.4Mb
Flavors: r-devel-windows-x86_64, r-release-macos-arm64, r-release-macos-x86_64, r-release-windows-x86_64, r-oldrel-macos-x86_64, r-oldrel-windows-ix86+x86_64

Version: 3.6-3
Check: installed package size
Result: NOTE
     installed size is 10.6Mb
     sub-directories of 1Mb or more:
     R 3.0Mb
     libs 6.6Mb
Flavor: r-oldrel-macos-arm64