CRAN Package Check Results for Package rasterdiv

Last updated on 2022-12-09 22:56:00 CET.

Flavor Version Tinstall Tcheck Ttotal Status Flags
r-devel-linux-x86_64-debian-clang 0.3.1 55.57 571.33 626.90 OK
r-devel-linux-x86_64-debian-gcc 0.3.1 40.53 411.57 452.10 OK
r-devel-linux-x86_64-fedora-clang 0.3.1 756.30 OK
r-devel-linux-x86_64-fedora-gcc 0.3.1 755.45 OK
r-devel-windows-x86_64 0.3.1 61.00 555.00 616.00 OK
r-patched-linux-x86_64 0.3.1 53.83 527.64 581.47 OK
r-release-linux-x86_64 0.3.1 42.34 506.42 548.76 OK
r-release-macos-arm64 0.3.1 179.00 NOTE
r-release-macos-x86_64 0.3.1 244.00 OK
r-release-windows-x86_64 0.3.1 77.00 524.00 601.00 OK
r-oldrel-macos-arm64 0.3.1 184.00 NOTE
r-oldrel-macos-x86_64 0.3.1 249.00 OK
r-oldrel-windows-ix86+x86_64 0.3.1 93.00 572.00 665.00 OK

Check Details

Version: 0.3.1
Check: installed package size
Result: NOTE
     installed size is 5.2Mb
     sub-directories of 1Mb or more:
     data 4.1Mb
Flavors: r-release-macos-arm64, r-oldrel-macos-arm64