Last updated on 2023-01-30 22:57:19 CET.
Flavor | Version | Tinstall | Tcheck | Ttotal | Status | Flags |
---|---|---|---|---|---|---|
r-devel-linux-x86_64-debian-clang | 1.2.4 | 74.82 | 195.43 | 270.25 | OK | |
r-devel-linux-x86_64-debian-gcc | 1.2.4 | 57.57 | 139.22 | 196.79 | NOTE | |
r-devel-linux-x86_64-fedora-clang | 1.2.4 | 348.63 | NOTE | |||
r-devel-linux-x86_64-fedora-gcc | 1.2.4 | 361.64 | NOTE | |||
r-devel-windows-x86_64 | 1.2.4 | 106.00 | 250.00 | 356.00 | NOTE | |
r-patched-linux-x86_64 | 1.2.4 | 48.96 | 177.46 | 226.42 | OK | |
r-release-linux-x86_64 | 1.2.4 | 52.32 | 167.80 | 220.12 | OK | |
r-release-macos-arm64 | 1.2.4 | 88.00 | NOTE | |||
r-release-macos-x86_64 | 1.2.4 | 111.00 | NOTE | |||
r-release-windows-x86_64 | 1.2.4 | 90.00 | 249.00 | 339.00 | OK | |
r-oldrel-macos-arm64 | 1.2.4 | 88.00 | NOTE | |||
r-oldrel-macos-x86_64 | 1.2.4 | 108.00 | NOTE | |||
r-oldrel-windows-ix86+x86_64 | 1.2.4 | 157.00 | 269.00 | 426.00 | OK |
Version: 1.2.4
Check: C++ specification
Result: NOTE
Specified C++11: please update to current default of C++17
Flavors: r-devel-linux-x86_64-debian-gcc, r-devel-linux-x86_64-fedora-clang, r-devel-linux-x86_64-fedora-gcc, r-devel-windows-x86_64
Version: 1.2.4
Check: installed package size
Result: NOTE
installed size is 6.7Mb
sub-directories of 1Mb or more:
libs 5.0Mb
Flavors: r-release-macos-arm64, r-release-macos-x86_64, r-oldrel-macos-arm64, r-oldrel-macos-x86_64