CRAN Package Check Results for Package rayshader

Last updated on 2021-04-15 22:51:19 CEST.

Flavor Version Tinstall Tcheck Ttotal Status Flags
r-devel-linux-x86_64-debian-clang 0.24.5 122.93 107.13 230.06 OK
r-devel-linux-x86_64-debian-gcc 0.24.5 81.10 83.63 164.73 OK
r-devel-linux-x86_64-fedora-clang 0.24.5 338.59 NOTE
r-devel-linux-x86_64-fedora-gcc 0.24.5 300.51 OK
r-devel-windows-ix86+x86_64 0.24.5 277.00 165.00 442.00 NOTE
r-devel-windows-x86_64-gcc10-UCRT 0.24.5 OK
r-patched-linux-x86_64 0.24.5 100.14 100.46 200.60 OK
r-patched-solaris-x86 0.24.5 279.20 NOTE
r-release-linux-x86_64 0.24.5 96.76 99.94 196.70 OK
r-release-macos-x86_64 0.24.5 NOTE
r-release-windows-ix86+x86_64 0.24.5 263.00 207.00 470.00 NOTE
r-oldrel-macos-x86_64 0.24.5 WARN
r-oldrel-windows-ix86+x86_64 0.24.5 240.00 201.00 441.00 NOTE

Additional issues

donttest

Check Details

Version: 0.24.5
Check: installed package size
Result: NOTE
     installed size is 7.6Mb
     sub-directories of 1Mb or more:
     data 3.0Mb
     libs 4.0Mb
Flavors: r-devel-linux-x86_64-fedora-clang, r-devel-windows-ix86+x86_64, r-release-macos-x86_64, r-release-windows-ix86+x86_64, r-oldrel-macos-x86_64, r-oldrel-windows-ix86+x86_64

Version: 0.24.5
Check: package dependencies
Result: NOTE
    Package suggested but not available for checking: ‘av’
Flavor: r-patched-solaris-x86

Version: 0.24.5
Check: whether package can be installed
Result: WARN
    Found the following significant warnings:
     Warning: 'rgl.init' failed, running with 'rgl.useNULL = TRUE'.
Flavor: r-oldrel-macos-x86_64