Last updated on 2023-02-05 22:59:30 CET.
Flavor | Version | Tinstall | Tcheck | Ttotal | Status | Flags |
---|---|---|---|---|---|---|
r-devel-linux-x86_64-debian-clang | 0.4.11 | 160.77 | 48.31 | 209.08 | OK | |
r-devel-linux-x86_64-debian-gcc | 0.4.11 | 121.19 | 37.23 | 158.42 | OK | |
r-devel-linux-x86_64-fedora-clang | 0.4.11 | 281.54 | OK | |||
r-devel-linux-x86_64-fedora-gcc | 0.4.11 | 268.19 | OK | |||
r-devel-windows-x86_64 | 0.4.11 | 194.00 | 116.00 | 310.00 | OK | |
r-patched-linux-x86_64 | 0.4.11 | 129.65 | 45.13 | 174.78 | OK | |
r-release-linux-x86_64 | 0.4.11 | 124.07 | 45.22 | 169.29 | OK | |
r-release-macos-arm64 | 0.4.11 | 75.00 | NOTE | |||
r-release-macos-x86_64 | 0.4.11 | 85.00 | NOTE | |||
r-release-windows-x86_64 | 0.4.11 | 181.00 | 111.00 | 292.00 | OK | |
r-oldrel-macos-arm64 | 0.4.11 | 66.00 | NOTE | |||
r-oldrel-macos-x86_64 | 0.4.11 | 83.00 | NOTE | |||
r-oldrel-windows-ix86+x86_64 | 0.4.11 | 349.00 | 107.00 | 456.00 | OK |
Version: 0.4.11
Check: installed package size
Result: NOTE
installed size is 9.4Mb
sub-directories of 1Mb or more:
libs 9.0Mb
Flavors: r-release-macos-arm64, r-release-macos-x86_64, r-oldrel-macos-arm64, r-oldrel-macos-x86_64