CRAN Package Check Results for Package rbart

Last updated on 2023-06-09 22:58:36 CEST.

Flavor Version Tinstall Tcheck Ttotal Status Flags
r-devel-linux-x86_64-debian-clang 1.0 100.11 42.17 142.28 NOTE
r-devel-linux-x86_64-debian-gcc 1.0 72.11 32.30 104.41 NOTE
r-devel-linux-x86_64-fedora-clang 1.0 229.01 NOTE
r-devel-linux-x86_64-fedora-gcc 1.0 206.40 NOTE
r-devel-windows-x86_64 1.0 64.00 80.00 144.00 NOTE
r-patched-linux-x86_64 1.0 78.07 40.85 118.92 NOTE
r-release-linux-x86_64 1.0 76.99 40.39 117.38 NOTE
r-release-macos-arm64 1.0 57.00 NOTE
r-release-macos-x86_64 1.0 96.00 NOTE
r-release-windows-x86_64 1.0 69.00 85.00 154.00 NOTE
r-oldrel-macos-arm64 1.0 54.00 OK
r-oldrel-macos-x86_64 1.0 66.00 OK
r-oldrel-windows-x86_64 1.0 90.00 84.00 174.00 OK

Check Details

Version: 1.0
Check: C++ specification
Result: NOTE
     Specified C++11: please drop specification unless essential
Flavors: r-devel-linux-x86_64-debian-clang, r-devel-linux-x86_64-debian-gcc, r-devel-linux-x86_64-fedora-clang, r-devel-linux-x86_64-fedora-gcc, r-devel-windows-x86_64, r-patched-linux-x86_64, r-release-linux-x86_64, r-release-macos-arm64, r-release-macos-x86_64, r-release-windows-x86_64