Last updated on 2023-02-03 22:57:35 CET.
Flavor | Version | Tinstall | Tcheck | Ttotal | Status | Flags |
---|---|---|---|---|---|---|
r-devel-linux-x86_64-debian-clang | 1.1-0 | 410.83 | 190.13 | 600.96 | NOTE | |
r-devel-linux-x86_64-debian-gcc | 1.1-0 | 328.52 | 158.22 | 486.74 | NOTE | |
r-devel-linux-x86_64-fedora-clang | 1.1-0 | 707.86 | NOTE | |||
r-devel-linux-x86_64-fedora-gcc | 1.1-0 | 876.48 | NOTE | |||
r-patched-linux-x86_64 | 1.1-0 | 252.67 | 196.60 | 449.27 | NOTE | |
r-release-linux-x86_64 | 1.1-0 | 281.66 | 200.98 | 482.64 | NOTE | |
r-release-macos-arm64 | 1.1-0 | 213.00 | NOTE | |||
r-release-macos-x86_64 | 1.1-0 | 466.00 | NOTE | |||
r-release-windows-x86_64 | 1.1-0 | 259.00 | 322.00 | 581.00 | NOTE | |
r-oldrel-macos-arm64 | 1.1-0 | 165.00 | NOTE | |||
r-oldrel-macos-x86_64 | 1.1-0 | 271.00 | NOTE | |||
r-oldrel-windows-ix86+x86_64 | 1.1-0 | 823.00 | 332.00 | 1155.00 | NOTE |
Version: 1.1-0
Check: C++ specification
Result: NOTE
Specified C++14: please update to current default of C++17
Flavors: r-devel-linux-x86_64-debian-clang, r-devel-linux-x86_64-debian-gcc, r-devel-linux-x86_64-fedora-clang, r-devel-linux-x86_64-fedora-gcc
Version: 1.1-0
Check: for GNU extensions in Makefiles
Result: NOTE
GNU make is a SystemRequirements.
Flavors: r-devel-linux-x86_64-debian-clang, r-devel-linux-x86_64-debian-gcc, r-devel-linux-x86_64-fedora-clang, r-devel-linux-x86_64-fedora-gcc, r-patched-linux-x86_64, r-release-linux-x86_64, r-release-macos-arm64, r-release-macos-x86_64, r-release-windows-x86_64, r-oldrel-macos-arm64, r-oldrel-macos-x86_64, r-oldrel-windows-ix86+x86_64
Version: 1.1-0
Check: installed package size
Result: NOTE
installed size is 5.0Mb
sub-directories of 1Mb or more:
libs 4.4Mb
Flavors: r-devel-linux-x86_64-fedora-clang, r-release-macos-arm64, r-release-macos-x86_64, r-oldrel-macos-arm64, r-oldrel-macos-x86_64, r-oldrel-windows-ix86+x86_64