CRAN Package Check Results for Package rbiom

Last updated on 2023-01-28 22:55:23 CET.

Flavor Version Tinstall Tcheck Ttotal Status Flags
r-devel-linux-x86_64-debian-clang 1.0.3 60.66 52.42 113.08 OK
r-devel-linux-x86_64-debian-gcc 1.0.3 50.43 40.66 91.09 WARN
r-devel-linux-x86_64-fedora-clang 1.0.3 163.83 OK
r-devel-linux-x86_64-fedora-gcc 1.0.3 158.69 WARN
r-patched-linux-x86_64 1.0.3 47.58 49.98 97.56 OK
r-release-linux-x86_64 1.0.3 48.30 49.75 98.05 OK
r-release-macos-arm64 1.0.3 40.00 NOTE
r-release-macos-x86_64 1.0.3 56.00 OK
r-release-windows-x86_64 1.0.3 65.00 568.00 633.00 OK
r-oldrel-macos-arm64 1.0.3 40.00 OK
r-oldrel-macos-x86_64 1.0.3 55.00 OK
r-oldrel-windows-ix86+x86_64 1.0.3 141.00 183.00 324.00 OK

Additional issues

M1mac

Check Details

Version: 1.0.3
Check: whether package can be installed
Result: WARN
    Found the following significant warnings:
     /home/hornik/tmp/R.check/r-devel-gcc/Work/build/Packages/RcppParallel/include/tbb/concurrent_hash_map.h:343:23: warning: ‘template<class _Category, class _Tp, class _Distance, class _Pointer, class _Reference> struct std::iterator’ is deprecated [-Wdeprecated-declarations]
     /home/hornik/tmp/R.check/r-devel-gcc/Work/build/Packages/RcppParallel/include/tbb/internal/_concurrent_queue_impl.h:744:21: warning: ‘template<class _Category, class _Tp, class _Distance, class _Pointer, class _Reference> struct std::iterator’ is deprecated [-Wdeprecated-declarations]
     /home/hornik/tmp/R.check/r-devel-gcc/Work/build/Packages/RcppParallel/include/tbb/internal/_concurrent_queue_impl.h:1003:21: warning: ‘template<class _Category, class _Tp, class _Distance, class _Pointer, class _Reference> struct std::iterator’ is deprecated [-Wdeprecated-declarations]
     /home/hornik/tmp/R.check/r-devel-gcc/Work/build/Packages/RcppParallel/include/tbb/internal/_concurrent_unordered_impl.h:67:36: warning: ‘template<class _Category, class _Tp, class _Distance, class _Pointer, class _Reference> struct std::iterator’ is deprecated [-Wdeprecated-declarations]
     /home/hornik/tmp/R.check/r-devel-gcc/Work/build/Packages/RcppParallel/include/RcppParallel/RMatrix.h:18:24: warning: ‘template<class _Category, class _Tp, class _Distance, class _Pointer, class _Reference> struct std::iterator’ is deprecated [-Wdeprecated-declarations]
    See ‘/home/hornik/tmp/R.check/r-devel-gcc/Work/PKGS/rbiom.Rcheck/00install.out’ for details.
    * used C++ compiler: ‘g++-12 (Debian 12.2.0-14) 12.2.0’
Flavor: r-devel-linux-x86_64-debian-gcc

Version: 1.0.3
Check: whether package can be installed
Result: WARN
    Found the following significant warnings:
     /data/gannet/ripley/R/test-dev/RcppParallel/include/tbb/concurrent_hash_map.h:343:23: warning: ‘template<class _Category, class _Tp, class _Distance, class _Pointer, class _Reference> struct std::iterator’ is deprecated [-Wdeprecated-declarations]
     /data/gannet/ripley/R/test-dev/RcppParallel/include/tbb/internal/_concurrent_queue_impl.h:744:21: warning: ‘template<class _Category, class _Tp, class _Distance, class _Pointer, class _Reference> struct std::iterator’ is deprecated [-Wdeprecated-declarations]
     /data/gannet/ripley/R/test-dev/RcppParallel/include/tbb/internal/_concurrent_queue_impl.h:1003:21: warning: ‘template<class _Category, class _Tp, class _Distance, class _Pointer, class _Reference> struct std::iterator’ is deprecated [-Wdeprecated-declarations]
     /data/gannet/ripley/R/test-dev/RcppParallel/include/tbb/internal/_concurrent_unordered_impl.h:67:36: warning: ‘template<class _Category, class _Tp, class _Distance, class _Pointer, class _Reference> struct std::iterator’ is deprecated [-Wdeprecated-declarations]
     /data/gannet/ripley/R/test-dev/RcppParallel/include/RcppParallel/RMatrix.h:18:24: warning: ‘template<class _Category, class _Tp, class _Distance, class _Pointer, class _Reference> struct std::iterator’ is deprecated [-Wdeprecated-declarations]
    See ‘/data/gannet/ripley/R/packages/tests-devel/rbiom.Rcheck/00install.out’ for details.
    * used C++ compiler: ‘g++ (GCC) 12.2.1 20221121 (Red Hat 12.2.1-4)’
Flavor: r-devel-linux-x86_64-fedora-gcc

Version: 1.0.3
Check: package dependencies
Result: NOTE
    Package suggested but not available for checking: ‘rhdf5’
Flavor: r-release-macos-arm64