Last updated on 2024-05-03 22:53:22 CEST.
Flavor | Version | Tinstall | Tcheck | Ttotal | Status | Flags |
---|---|---|---|---|---|---|
r-devel-linux-x86_64-debian-clang | 1.0.0 | 2.70 | 19.16 | 21.86 | NOTE | |
r-devel-linux-x86_64-fedora-clang | 1.0.0 | 28.09 | NOTE | |||
r-devel-linux-x86_64-fedora-gcc | 1.0.0 | 26.86 | NOTE | |||
r-devel-windows-x86_64 | 1.0.0 | 3.00 | 37.00 | 40.00 | NOTE | |
r-patched-linux-x86_64 | 1.0.0 | 2.39 | 19.05 | 21.44 | NOTE | |
r-release-linux-x86_64 | 1.0.0 | 2.11 | 18.52 | 20.63 | NOTE | |
r-release-macos-arm64 | 1.0.0 | 14.00 | NOTE | |||
r-release-windows-x86_64 | 1.0.0 | 3.00 | 37.00 | 40.00 | NOTE | |
r-oldrel-macos-arm64 | 1.0.0 | 15.00 | NOTE | |||
r-oldrel-macos-x86_64 | 1.0.0 | 18.00 | NOTE | |||
r-oldrel-windows-x86_64 | 1.0.0 | 4.00 | 35.00 | 39.00 | NOTE |
Version: 1.0.0
Check: LazyData
Result: NOTE
'LazyData' is specified without a 'data' directory
Flavors: r-devel-linux-x86_64-debian-clang, r-devel-linux-x86_64-fedora-clang, r-devel-linux-x86_64-fedora-gcc, r-devel-windows-x86_64, r-patched-linux-x86_64, r-release-linux-x86_64, r-release-macos-arm64, r-release-windows-x86_64, r-oldrel-macos-arm64, r-oldrel-macos-x86_64, r-oldrel-windows-x86_64