CRAN Package Check Results for Package rbvs

Last updated on 2017-12-13 21:51:04 CET.

Flavor Version Tinstall Tcheck Ttotal Status Flags
r-devel-linux-x86_64-debian-clang 1.0.2 3.27 18.34 21.61 NOTE
r-devel-linux-x86_64-debian-gcc 1.0.2 2.81 11.54 14.35 FAIL
r-devel-linux-x86_64-fedora-clang 1.0.2 24.91 NOTE
r-devel-linux-x86_64-fedora-gcc 1.0.2 26.14 NOTE
r-devel-windows-ix86+x86_64 1.0.2 25.00 35.00 60.00 OK
r-patched-linux-x86_64 1.0.2 3.06 18.57 21.63 NOTE
r-patched-solaris-x86 1.0.2 43.90 OK
r-release-linux-x86_64 1.0.2 3.00 18.79 21.79 NOTE
r-release-windows-ix86+x86_64 1.0.2 17.00 36.00 53.00 OK
r-release-osx-x86_64 1.0.2 OK
r-oldrel-windows-ix86+x86_64 1.0.2 14.00 33.00 47.00 OK
r-oldrel-osx-x86_64 1.0.2 OK

Check Details

Version: 1.0.2
Check: compiled code
Result: NOTE
    File ‘rbvs/libs/rbvs.so’:
     Found no calls to: ‘R_registerRoutines’, ‘R_useDynamicSymbols’
    
    It is good practice to register native routines and to disable symbol
    search.
    
    See ‘Writing portable packages’ in the ‘Writing R Extensions’ manual.
Flavors: r-devel-linux-x86_64-debian-clang, r-devel-linux-x86_64-fedora-clang, r-devel-linux-x86_64-fedora-gcc, r-patched-linux-x86_64, r-release-linux-x86_64

Version: 1.0.2
Check: pragmas in C/C++ headers and code
Result: FAIL
    
Flavor: r-devel-linux-x86_64-debian-gcc