CRAN Package Check Results for Package rbvs

Last updated on 2018-10-16 22:56:34 CEST.

Flavor Version Tinstall Tcheck Ttotal Status Flags
r-devel-linux-x86_64-debian-clang 1.0.2 4.67 21.31 25.98 OK
r-devel-linux-x86_64-debian-gcc 1.0.2 3.07 17.28 20.35 OK
r-devel-linux-x86_64-fedora-clang 1.0.2 30.80 NOTE
r-devel-linux-x86_64-fedora-gcc 1.0.2 29.17 NOTE
r-devel-windows-ix86+x86_64 1.0.2 24.00 44.00 68.00 OK
r-patched-linux-x86_64 1.0.2 3.62 19.53 23.15 OK
r-patched-solaris-x86 1.0.2 51.70 OK
r-release-linux-x86_64 1.0.2 4.01 20.04 24.05 OK
r-release-windows-ix86+x86_64 1.0.2 22.00 39.00 61.00 OK
r-release-osx-x86_64 1.0.2 OK
r-oldrel-windows-ix86+x86_64 1.0.2 17.00 36.00 53.00 OK
r-oldrel-osx-x86_64 1.0.2 OK

Check Details

Version: 1.0.2
Check: compiled code
Result: NOTE
    File ‘rbvs/libs/rbvs.so’:
     Found no calls to: ‘R_registerRoutines’, ‘R_useDynamicSymbols’
    
    It is good practice to register native routines and to disable symbol
    search.
    
    See ‘Writing portable packages’ in the ‘Writing R Extensions’ manual.
Flavors: r-devel-linux-x86_64-fedora-clang, r-devel-linux-x86_64-fedora-gcc