CRAN Package Check Results for Package rbvs

Last updated on 2018-07-16 22:52:26 CEST.

Flavor Version Tinstall Tcheck Ttotal Status Flags
r-devel-linux-x86_64-debian-clang 1.0.2 4.42 18.84 23.26 NOTE
r-devel-linux-x86_64-debian-gcc 1.0.2 3.34 16.28 19.62 NOTE
r-devel-linux-x86_64-fedora-clang 1.0.2 29.21 NOTE
r-devel-linux-x86_64-fedora-gcc 1.0.2 27.88 NOTE
r-devel-windows-ix86+x86_64 1.0.2 24.00 41.00 65.00 OK
r-patched-linux-x86_64 1.0.2 4.36 19.87 24.23 NOTE
r-patched-solaris-x86 1.0.2 52.70 OK
r-release-linux-x86_64 1.0.2 4.02 20.00 24.02 NOTE
r-release-windows-ix86+x86_64 1.0.2 22.00 39.00 61.00 OK
r-release-osx-x86_64 1.0.2 OK
r-oldrel-windows-ix86+x86_64 1.0.2 17.00 36.00 53.00 OK
r-oldrel-osx-x86_64 1.0.2 OK

Check Details

Version: 1.0.2
Check: compiled code
Result: NOTE
    File ‘rbvs/libs/rbvs.so’:
     Found no calls to: ‘R_registerRoutines’, ‘R_useDynamicSymbols’
    
    It is good practice to register native routines and to disable symbol
    search.
    
    See ‘Writing portable packages’ in the ‘Writing R Extensions’ manual.
Flavors: r-devel-linux-x86_64-debian-clang, r-devel-linux-x86_64-debian-gcc, r-devel-linux-x86_64-fedora-clang, r-devel-linux-x86_64-fedora-gcc, r-patched-linux-x86_64, r-release-linux-x86_64