Last updated on 2023-03-21 22:56:16 CET.
Flavor | Version | Tinstall | Tcheck | Ttotal | Status | Flags |
---|---|---|---|---|---|---|
r-devel-linux-x86_64-debian-clang | 1.1.7 | 3.93 | 34.52 | 38.45 | NOTE | |
r-devel-linux-x86_64-debian-gcc | 1.1.7 | 2.91 | 27.07 | 29.98 | NOTE | |
r-devel-linux-x86_64-fedora-clang | 1.1.7 | 49.60 | NOTE | |||
r-devel-linux-x86_64-fedora-gcc | 1.1.7 | 46.39 | NOTE | |||
r-patched-linux-x86_64 | 1.1.7 | 3.62 | 35.29 | 38.91 | NOTE | |
r-release-linux-x86_64 | 1.1.7 | 2.98 | 35.10 | 38.08 | NOTE | |
r-release-macos-arm64 | 1.1.7 | 23.00 | NOTE | |||
r-release-macos-x86_64 | 1.1.7 | 27.00 | NOTE | |||
r-release-windows-x86_64 | 1.1.7 | 11.00 | 65.00 | 76.00 | NOTE | |
r-oldrel-macos-arm64 | 1.1.7 | 19.00 | NOTE | |||
r-oldrel-macos-x86_64 | 1.1.7 | 26.00 | NOTE | |||
r-oldrel-windows-ix86+x86_64 | 1.1.7 | 9.00 | 64.00 | 73.00 | NOTE |
Version: 1.1.7
Check: package dependencies
Result: NOTE
Package suggested but not available for checking: ‘rrelaxiv’
Flavors: r-devel-linux-x86_64-debian-clang, r-devel-linux-x86_64-debian-gcc, r-devel-linux-x86_64-fedora-clang, r-devel-linux-x86_64-fedora-gcc, r-patched-linux-x86_64, r-release-linux-x86_64, r-release-macos-arm64, r-release-macos-x86_64, r-release-windows-x86_64, r-oldrel-macos-arm64, r-oldrel-macos-x86_64, r-oldrel-windows-ix86+x86_64
Version: 1.1.7
Check: dependencies in R code
Result: NOTE
Namespace in Imports field not imported from: ‘rlemon’
All declared Imports should be used.
Flavors: r-devel-linux-x86_64-fedora-clang, r-devel-linux-x86_64-fedora-gcc, r-release-macos-arm64, r-release-macos-x86_64, r-oldrel-macos-arm64, r-oldrel-macos-x86_64