CRAN Package Check Results for Package rcbsubset

Last updated on 2024-02-28 22:59:29 CET.

Flavor Version Tinstall Tcheck Ttotal Status Flags
r-devel-linux-x86_64-debian-clang 1.1.7 3.89 35.08 38.97 NOTE
r-devel-linux-x86_64-debian-gcc 1.1.7 2.87 26.72 29.59 NOTE
r-devel-linux-x86_64-fedora-clang 1.1.7 48.48 NOTE
r-devel-linux-x86_64-fedora-gcc 1.1.7 47.87 NOTE
r-devel-windows-x86_64 1.1.7 4.00 47.00 51.00 NOTE
r-patched-linux-x86_64 1.1.7 4.04 34.38 38.42 NOTE
r-release-linux-x86_64 1.1.7 3.20 34.35 37.55 NOTE
r-release-macos-arm64 1.1.7 20.00 NOTE
r-release-macos-x86_64 1.1.7 28.00 NOTE
r-release-windows-x86_64 1.1.7 5.00 49.00 54.00 NOTE
r-oldrel-macos-arm64 1.1.7 21.00 NOTE
r-oldrel-windows-x86_64 1.1.7 6.00 56.00 62.00 NOTE

Check Details

Version: 1.1.7
Check: package dependencies
Result: NOTE Package suggested but not available for checking: ‘rrelaxiv’ Flavors: r-devel-linux-x86_64-debian-clang, r-devel-linux-x86_64-debian-gcc, r-devel-linux-x86_64-fedora-clang, r-devel-linux-x86_64-fedora-gcc, r-devel-windows-x86_64, r-patched-linux-x86_64, r-release-linux-x86_64, r-release-macos-arm64, r-release-macos-x86_64, r-release-windows-x86_64, r-oldrel-macos-arm64, r-oldrel-windows-x86_64

Version: 1.1.7
Check: dependencies in R code
Result: NOTE Namespace in Imports field not imported from: ‘rlemon’ All declared Imports should be used. Flavors: r-devel-linux-x86_64-fedora-clang, r-devel-linux-x86_64-fedora-gcc