CRAN Package Check Results for Package rcdk

Last updated on 2018-07-20 22:50:33 CEST.

Flavor Version Tinstall Tcheck Ttotal Status Flags
r-devel-linux-x86_64-debian-clang 3.4.7 5.59 115.71 121.30 OK
r-devel-linux-x86_64-debian-gcc 3.4.7 4.85 91.78 96.63 OK
r-devel-linux-x86_64-fedora-clang 3.4.7 120.48 OK
r-devel-linux-x86_64-fedora-gcc 3.4.7 123.42 OK
r-devel-windows-ix86+x86_64 3.4.7 10.00 121.00 131.00 OK
r-patched-linux-x86_64 3.4.7 6.07 110.12 116.19 OK
r-patched-solaris-x86 3.4.7 10.00 ERROR
r-release-linux-x86_64 3.4.7 6.13 111.83 117.96 OK
r-release-windows-ix86+x86_64 3.4.7 13.00 103.00 116.00 OK
r-release-osx-x86_64 3.4.7 OK
r-oldrel-windows-ix86+x86_64 3.4.7 11.00 89.00 100.00 OK
r-oldrel-osx-x86_64 3.4.7 OK

Check Details

Version: 3.4.7
Check: whether package can be installed
Result: ERROR
    Installation failed.
Flavor: r-patched-solaris-x86