CRAN Package Check Results for Package rcdklibs

Last updated on 2018-06-24 22:49:33 CEST.

Flavor Version Tinstall Tcheck Ttotal Status Flags
r-devel-linux-x86_64-debian-clang 2.0 3.36 36.47 39.83 OK
r-devel-linux-x86_64-debian-gcc 2.0 2.57 28.83 31.40 OK
r-devel-linux-x86_64-fedora-clang 2.0 41.57 NOTE
r-devel-linux-x86_64-fedora-gcc 2.0 39.16 OK
r-devel-windows-ix86+x86_64 2.0 9.00 45.00 54.00 NOTE
r-patched-linux-x86_64 2.0 3.08 31.68 34.76 OK
r-patched-solaris-x86 2.0 55.10 NOTE
r-release-linux-x86_64 2.0 3.59 31.17 34.76 OK
r-release-windows-ix86+x86_64 2.0 7.00 43.00 50.00 NOTE
r-release-osx-x86_64 2.0 NOTE
r-oldrel-windows-ix86+x86_64 2.0 9.00 52.00 61.00 NOTE
r-oldrel-osx-x86_64 2.0 NOTE

Check Details

Version: 2.0
Check: installed package size
Result: NOTE
     installed size is 23.4Mb
     sub-directories of 1Mb or more:
     cont 23.3Mb
Flavors: r-devel-linux-x86_64-fedora-clang, r-devel-windows-ix86+x86_64, r-patched-solaris-x86, r-release-windows-ix86+x86_64, r-release-osx-x86_64, r-oldrel-windows-ix86+x86_64, r-oldrel-osx-x86_64