CRAN Package Check Results for Package rcdklibs

Last updated on 2018-09-23 22:47:09 CEST.

Flavor Version Tinstall Tcheck Ttotal Status Flags
r-devel-linux-x86_64-debian-clang 2.0 3.10 36.90 40.00 OK
r-devel-linux-x86_64-debian-gcc 2.0 2.98 29.38 32.36 OK
r-devel-linux-x86_64-fedora-clang 2.0 42.89 NOTE
r-devel-linux-x86_64-fedora-gcc 2.0 41.55 OK
r-devel-windows-ix86+x86_64 2.0 7.00 42.00 49.00 NOTE
r-patched-linux-x86_64 2.0 2.85 30.83 33.68 OK
r-patched-solaris-x86 2.0 52.40 NOTE
r-release-linux-x86_64 2.0 3.32 31.42 34.74 OK
r-release-windows-ix86+x86_64 2.0 7.00 43.00 50.00 NOTE
r-release-osx-x86_64 2.0 NOTE
r-oldrel-windows-ix86+x86_64 2.0 9.00 52.00 61.00 NOTE
r-oldrel-osx-x86_64 2.0 NOTE

Check Details

Version: 2.0
Check: installed package size
Result: NOTE
     installed size is 23.4Mb
     sub-directories of 1Mb or more:
     cont 23.3Mb
Flavors: r-devel-linux-x86_64-fedora-clang, r-devel-windows-ix86+x86_64, r-patched-solaris-x86, r-release-windows-ix86+x86_64, r-release-osx-x86_64, r-oldrel-windows-ix86+x86_64, r-oldrel-osx-x86_64