CRAN Package Check Results for Package rcorpora

Last updated on 2023-06-09 22:58:36 CEST.

Flavor Version Tinstall Tcheck Ttotal Status Flags
r-devel-linux-x86_64-debian-clang 2.0.0 4.70 25.69 30.39 OK
r-devel-linux-x86_64-debian-gcc 2.0.0 3.50 20.10 23.60 OK
r-devel-linux-x86_64-fedora-clang 2.0.0 38.15 NOTE
r-devel-linux-x86_64-fedora-gcc 2.0.0 35.37 OK
r-devel-windows-x86_64 2.0.0 10.00 43.00 53.00 NOTE
r-patched-linux-x86_64 2.0.0 5.00 25.24 30.24 OK
r-release-linux-x86_64 2.0.0 4.38 25.11 29.49 OK
r-release-macos-arm64 2.0.0 18.00 NOTE
r-release-macos-x86_64 2.0.0 24.00 NOTE
r-release-windows-x86_64 2.0.0 7.00 44.00 51.00 NOTE
r-oldrel-macos-arm64 2.0.0 18.00 NOTE
r-oldrel-macos-x86_64 2.0.0 25.00 NOTE
r-oldrel-windows-x86_64 2.0.0 9.00 46.00 55.00 NOTE

Check Details

Version: 2.0.0
Check: installed package size
Result: NOTE
     installed size is 7.8Mb
     sub-directories of 1Mb or more:
     corpora 7.6Mb
Flavors: r-devel-linux-x86_64-fedora-clang, r-devel-windows-x86_64, r-release-macos-arm64, r-release-macos-x86_64, r-release-windows-x86_64, r-oldrel-macos-arm64, r-oldrel-macos-x86_64, r-oldrel-windows-x86_64