CRAN Package Check Results for Package rcorpora

Last updated on 2020-01-18 22:48:43 CET.

Flavor Version Tinstall Tcheck Ttotal Status Flags
r-devel-linux-x86_64-debian-clang 2.0.0 3.87 21.80 25.67 OK
r-devel-linux-x86_64-debian-gcc 2.0.0 3.81 17.60 21.41 OK
r-devel-linux-x86_64-fedora-clang 2.0.0 31.90 NOTE
r-devel-linux-x86_64-fedora-gcc 2.0.0 30.81 OK
r-devel-windows-ix86+x86_64 2.0.0 19.00 36.00 55.00 NOTE
r-devel-windows-ix86+x86_64-gcc8 2.0.0 11.00 55.00 66.00 NOTE
r-patched-linux-x86_64 2.0.0 3.64 20.09 23.73 OK
r-patched-solaris-x86 2.0.0 53.30 NOTE
r-release-linux-x86_64 2.0.0 3.85 20.31 24.16 OK
r-release-windows-ix86+x86_64 2.0.0 23.00 33.00 56.00 NOTE
r-release-osx-x86_64 2.0.0 NOTE
r-oldrel-windows-ix86+x86_64 2.0.0 13.00 29.00 42.00 NOTE
r-oldrel-osx-x86_64 2.0.0 NOTE

Check Details

Version: 2.0.0
Check: installed package size
Result: NOTE
     installed size is 7.8Mb
     sub-directories of 1Mb or more:
     corpora 7.6Mb
Flavors: r-devel-linux-x86_64-fedora-clang, r-devel-windows-ix86+x86_64, r-devel-windows-ix86+x86_64-gcc8, r-patched-solaris-x86, r-release-windows-ix86+x86_64, r-release-osx-x86_64, r-oldrel-windows-ix86+x86_64, r-oldrel-osx-x86_64