CRAN Package Check Results for Package rcorpora

Last updated on 2019-08-23 22:50:07 CEST.

Flavor Version Tinstall Tcheck Ttotal Status Flags
r-devel-linux-x86_64-debian-clang 2.0.0 4.27 20.76 25.03 OK
r-devel-linux-x86_64-debian-gcc 2.0.0 OK
r-devel-linux-x86_64-fedora-clang 2.0.0 29.48 NOTE
r-devel-linux-x86_64-fedora-gcc 2.0.0 28.88 OK
r-devel-windows-ix86+x86_64 2.0.0 11.00 54.00 65.00 NOTE
r-patched-linux-x86_64 2.0.0 4.14 20.64 24.78 OK
r-patched-solaris-x86 2.0.0 56.80 NOTE
r-release-linux-x86_64 2.0.0 3.91 20.53 24.44 OK
r-release-windows-ix86+x86_64 2.0.0 9.00 54.00 63.00 NOTE
r-release-osx-x86_64 2.0.0 NOTE
r-oldrel-windows-ix86+x86_64 2.0.0 13.00 37.00 50.00 NOTE
r-oldrel-osx-x86_64 2.0.0 NOTE

Check Details

Version: 2.0.0
Check: installed package size
Result: NOTE
     installed size is 7.8Mb
     sub-directories of 1Mb or more:
     corpora 7.6Mb
Flavors: r-devel-linux-x86_64-fedora-clang, r-devel-windows-ix86+x86_64, r-patched-solaris-x86, r-release-windows-ix86+x86_64, r-release-osx-x86_64, r-oldrel-windows-ix86+x86_64, r-oldrel-osx-x86_64