Last updated on 2024-03-28 23:01:55 CET.
Flavor | Version | Tinstall | Tcheck | Ttotal | Status | Flags |
---|---|---|---|---|---|---|
r-devel-linux-x86_64-debian-clang | 2.0.0 | 4.86 | 26.01 | 30.87 | OK | |
r-devel-linux-x86_64-debian-gcc | 2.0.0 | 4.19 | 20.48 | 24.67 | OK | |
r-devel-linux-x86_64-fedora-clang | 2.0.0 | 37.21 | NOTE | |||
r-devel-linux-x86_64-fedora-gcc | 2.0.0 | 36.93 | OK | |||
r-devel-windows-x86_64 | 2.0.0 | 6.00 | 42.00 | 48.00 | NOTE | |
r-patched-linux-x86_64 | 2.0.0 | 4.19 | 25.81 | 30.00 | OK | |
r-release-linux-x86_64 | 2.0.0 | 4.26 | 24.97 | 29.23 | OK | |
r-release-macos-arm64 | 2.0.0 | 18.00 | NOTE | |||
r-release-macos-x86_64 | 2.0.0 | 24.00 | NOTE | |||
r-release-windows-x86_64 | 2.0.0 | 8.00 | 42.00 | 50.00 | NOTE | |
r-oldrel-macos-arm64 | 2.0.0 | 18.00 | NOTE | |||
r-oldrel-windows-x86_64 | 2.0.0 | 8.00 | 46.00 | 54.00 | NOTE |
Version: 2.0.0
Check: installed package size
Result: NOTE
installed size is 7.8Mb
sub-directories of 1Mb or more:
corpora 7.6Mb
Flavors: r-devel-linux-x86_64-fedora-clang, r-devel-windows-x86_64, r-release-macos-arm64, r-release-macos-x86_64, r-release-windows-x86_64, r-oldrel-macos-arm64, r-oldrel-windows-x86_64