Last updated on 2024-04-22 23:10:01 CEST.
Flavor | Version | Tinstall | Tcheck | Ttotal | Status | Flags |
---|---|---|---|---|---|---|
r-devel-linux-x86_64-debian-clang | 0.6.4 | 6.08 | 82.67 | 88.75 | NOTE | |
r-devel-linux-x86_64-debian-gcc | 0.6.4 | 4.81 | 64.22 | 69.03 | NOTE | |
r-devel-linux-x86_64-fedora-clang | 0.6.4 | 117.47 | NOTE | |||
r-devel-linux-x86_64-fedora-gcc | 0.6.4 | 124.46 | NOTE | |||
r-prerel-macos-arm64 | 0.6.4 | 57.00 | NOTE | |||
r-prerel-windows-x86_64 | 0.6.4 | 6.00 | 101.00 | 107.00 | NOTE | |
r-patched-linux-x86_64 | 0.6.4 | 5.68 | 80.75 | 86.43 | NOTE | |
r-release-linux-x86_64 | 0.6.4 | 6.28 | 76.79 | 83.07 | NOTE | |
r-release-macos-arm64 | 0.6.4 | 39.00 | NOTE | |||
r-release-macos-x86_64 | 0.6.4 | 51.00 | NOTE | |||
r-release-windows-x86_64 | 0.6.4 | 6.00 | 105.00 | 111.00 | NOTE | |
r-oldrel-macos-arm64 | 0.6.4 | 33.00 | NOTE | |||
r-oldrel-windows-x86_64 | 0.6.4 | 8.00 | 103.00 | 111.00 | NOTE |
Version: 0.6.4
Check: LazyData
Result: NOTE
'LazyData' is specified without a 'data' directory
Flavors: r-devel-linux-x86_64-debian-clang, r-devel-linux-x86_64-debian-gcc, r-devel-linux-x86_64-fedora-clang, r-devel-linux-x86_64-fedora-gcc, r-prerel-macos-arm64, r-prerel-windows-x86_64, r-patched-linux-x86_64, r-release-linux-x86_64, r-release-macos-arm64, r-release-macos-x86_64, r-release-windows-x86_64, r-oldrel-macos-arm64, r-oldrel-windows-x86_64