Last updated on 2023-12-03 22:57:18 CET.
Flavor | Version | Tinstall | Tcheck | Ttotal | Status | Flags |
---|---|---|---|---|---|---|
r-devel-linux-x86_64-debian-clang | 0.0.5 | 158.77 | 33.49 | 192.26 | NOTE | |
r-devel-linux-x86_64-debian-gcc | 0.0.5 | 106.63 | 25.31 | 131.94 | NOTE | |
r-devel-linux-x86_64-fedora-clang | 0.0.5 | 300.57 | NOTE | |||
r-devel-linux-x86_64-fedora-gcc | 0.0.5 | 289.76 | NOTE | |||
r-devel-windows-x86_64 | 0.0.5 | 118.00 | 69.00 | 187.00 | NOTE | |
r-patched-linux-x86_64 | 0.0.5 | 119.84 | 32.41 | 152.25 | NOTE | |
r-release-linux-x86_64 | 0.0.5 | 128.86 | 32.23 | 161.09 | NOTE | |
r-release-macos-arm64 | 0.0.5 | 59.00 | NOTE | |||
r-release-macos-x86_64 | 0.0.5 | 108.00 | NOTE | |||
r-release-windows-x86_64 | 0.0.5 | 153.00 | 74.00 | 227.00 | NOTE | |
r-oldrel-macos-arm64 | 0.0.5 | 56.00 | NOTE | |||
r-oldrel-macos-x86_64 | 0.0.5 | 80.00 | NOTE | |||
r-oldrel-windows-x86_64 | 0.0.5 | 155.00 | 73.00 | 228.00 | NOTE |
Version: 0.0.5
Check: Rd files
Result: NOTE
checkRd: (-1) farthest_point_sampling.Rd:28: Lost braces; missing escapes or markup?
28 | space P = {p_1, ..., p_k}, such that each p_i is the farthest
| ^
Flavors: r-devel-linux-x86_64-debian-clang, r-devel-linux-x86_64-debian-gcc
Version: 0.0.5
Check: LazyData
Result: NOTE
'LazyData' is specified without a 'data' directory
Flavors: r-devel-linux-x86_64-debian-clang, r-devel-linux-x86_64-debian-gcc, r-devel-linux-x86_64-fedora-clang, r-devel-linux-x86_64-fedora-gcc, r-devel-windows-x86_64, r-patched-linux-x86_64, r-release-linux-x86_64, r-release-macos-arm64, r-release-macos-x86_64, r-release-windows-x86_64, r-oldrel-macos-arm64, r-oldrel-macos-x86_64, r-oldrel-windows-x86_64