CRAN Package Check Results for Package rdrop2

Last updated on 2020-01-18 22:48:43 CET.

Flavor Version Tinstall Tcheck Ttotal Status Flags
r-devel-linux-x86_64-debian-clang 0.8.1 2.98 23.94 26.92 OK
r-devel-linux-x86_64-debian-gcc 0.8.1 2.35 18.83 21.18 OK
r-devel-linux-x86_64-fedora-clang 0.8.1 32.78 NOTE
r-devel-linux-x86_64-fedora-gcc 0.8.1 31.53 NOTE
r-devel-windows-ix86+x86_64 0.8.1 10.00 40.00 50.00 OK
r-devel-windows-ix86+x86_64-gcc8 0.8.1 8.00 57.00 65.00 OK
r-patched-linux-x86_64 0.8.1 2.29 21.76 24.05 OK
r-patched-solaris-x86 0.8.1 44.10 NOTE
r-release-linux-x86_64 0.8.1 2.13 22.23 24.36 OK
r-release-windows-ix86+x86_64 0.8.1 9.00 37.00 46.00 OK
r-release-osx-x86_64 0.8.1 NOTE
r-oldrel-windows-ix86+x86_64 0.8.1 7.00 35.00 42.00 OK
r-oldrel-osx-x86_64 0.8.1 NOTE

Check Details

Version: 0.8.1
Check: dependencies in R code
Result: NOTE
    Namespace in Imports field not imported from: ‘digest’
     All declared Imports should be used.
Flavors: r-devel-linux-x86_64-fedora-clang, r-devel-linux-x86_64-fedora-gcc, r-patched-solaris-x86, r-release-osx-x86_64, r-oldrel-osx-x86_64