CRAN Package Check Results for Package rdtLite

Last updated on 2019-07-19 22:49:01 CEST.

Flavor Version Tinstall Tcheck Ttotal Status Flags
r-devel-linux-x86_64-debian-clang 1.1.0 4.81 35.33 40.14 OK
r-devel-linux-x86_64-debian-gcc 1.1.0 3.85 28.35 32.20 OK
r-devel-linux-x86_64-fedora-clang 1.1.0 48.71 NOTE
r-devel-linux-x86_64-fedora-gcc 1.1.0 46.17 NOTE
r-devel-windows-ix86+x86_64 1.1.0 14.00 48.00 62.00 OK
r-patched-linux-x86_64 1.1.0 4.87 35.87 40.74 OK
r-patched-solaris-x86 1.1.0 71.60 NOTE
r-release-linux-x86_64 1.1.0 4.72 35.73 40.45 OK
r-release-windows-ix86+x86_64 1.1.0 11.00 51.00 62.00 OK
r-release-osx-x86_64 1.1.0 NOTE
r-oldrel-windows-ix86+x86_64 1.0.2 6.00 64.00 70.00 OK
r-oldrel-osx-x86_64 1.1.0 ERROR

Check Details

Version: 1.1.0
Check: dependencies in R code
Result: NOTE
    Namespace in Imports field not imported from: ‘gtools’
     All declared Imports should be used.
Flavors: r-devel-linux-x86_64-fedora-clang, r-devel-linux-x86_64-fedora-gcc, r-patched-solaris-x86, r-release-osx-x86_64

Version: 1.1.0
Check: whether package can be installed
Result: ERROR
    Installation failed.
Flavor: r-oldrel-osx-x86_64