CRAN Package Check Results for Package rdtLite

Last updated on 2019-10-22 22:49:21 CEST.

Flavor Version Tinstall Tcheck Ttotal Status Flags
r-devel-linux-x86_64-debian-clang 1.2 5.60 39.33 44.93 OK
r-devel-linux-x86_64-debian-gcc 1.2 5.02 31.21 36.23 OK
r-devel-linux-x86_64-fedora-clang 1.2 55.25 NOTE
r-devel-linux-x86_64-fedora-gcc 1.2 53.11 NOTE
r-devel-windows-ix86+x86_64 1.2 11.00 72.00 83.00 OK
r-patched-linux-x86_64 1.2 4.71 38.55 43.26 OK
r-patched-solaris-x86 1.2 74.40 NOTE
r-release-linux-x86_64 1.2 5.63 39.20 44.83 OK
r-release-windows-ix86+x86_64 1.2 17.00 53.00 70.00 OK
r-release-osx-x86_64 1.2 NOTE
r-oldrel-windows-ix86+x86_64 1.0.2 6.00 64.00 70.00 OK
r-oldrel-osx-x86_64 1.2 ERROR

Check Details

Version: 1.2
Check: dependencies in R code
Result: NOTE
    Namespace in Imports field not imported from: ‘gtools’
     All declared Imports should be used.
Flavors: r-devel-linux-x86_64-fedora-clang, r-devel-linux-x86_64-fedora-gcc, r-patched-solaris-x86, r-release-osx-x86_64

Version: 1.2
Check: whether package can be installed
Result: ERROR
    Installation failed.
Flavor: r-oldrel-osx-x86_64