CRAN Package Check Results for Package readstata13

Last updated on 2017-12-13 21:51:05 CET.

Flavor Version Tinstall Tcheck Ttotal Status Flags
r-devel-linux-x86_64-debian-clang 0.9.0 35.40 25.28 60.68 OK
r-devel-linux-x86_64-debian-gcc 0.9.0 39.88 16.22 56.10 FAIL
r-devel-linux-x86_64-fedora-clang 0.9.0 91.91 OK
r-devel-linux-x86_64-fedora-gcc 0.9.0 95.97 OK
r-devel-windows-ix86+x86_64 0.9.0 127.00 59.00 186.00 OK
r-patched-linux-x86_64 0.9.0 43.43 25.99 69.42 OK
r-patched-solaris-x86 0.9.0 97.40 OK
r-release-linux-x86_64 0.9.0 40.75 26.78 67.53 OK
r-release-windows-ix86+x86_64 0.9.0 91.00 76.00 167.00 OK
r-release-osx-x86_64 0.9.0 OK
r-oldrel-windows-ix86+x86_64 0.9.0 126.00 66.00 192.00 OK
r-oldrel-osx-x86_64 0.9.0 OK

Additional issues

clang-ASAN gcc-ASAN valgrind

Check Details

Version: 0.9.0
Check: pragmas in C/C++ headers and code
Result: FAIL
    
Flavor: r-devel-linux-x86_64-debian-gcc