Last updated on 2023-06-07 22:02:52 CEST.
Flavor | Version | Tinstall | Tcheck | Ttotal | Status | Flags |
---|---|---|---|---|---|---|
r-devel-linux-x86_64-debian-clang | 0.90 | 7.08 | 73.88 | 80.96 | OK | |
r-devel-linux-x86_64-debian-gcc | 0.90 | 5.34 | 55.55 | 60.89 | OK | |
r-devel-linux-x86_64-fedora-clang | 0.90 | 100.90 | NOTE | |||
r-devel-linux-x86_64-fedora-gcc | 0.90 | 109.06 | NOTE | |||
r-devel-windows-x86_64 | 0.90 | 8.00 | 77.00 | 85.00 | OK | |
r-patched-linux-x86_64 | 0.90 | 12.10 | 69.51 | 81.61 | OK | |
r-release-linux-x86_64 | 0.90 | 6.53 | 70.24 | 76.77 | OK | |
r-release-macos-arm64 | 0.90 | 43.00 | OK | |||
r-release-macos-x86_64 | 0.82 | 57.00 | NOTE | |||
r-release-windows-x86_64 | 0.90 | 9.00 | 87.00 | 96.00 | OK | |
r-oldrel-macos-arm64 | 0.90 | 36.00 | OK | |||
r-oldrel-macos-x86_64 | 0.90 | 51.00 | OK | |||
r-oldrel-windows-x86_64 | 0.90 | 12.00 | 79.00 | 91.00 | OK |
Version: 0.90
Check: data for non-ASCII characters
Result: NOTE
Note: found 1 marked Latin-1 string
Note: found 1 marked UTF-8 string
Note: found 7 strings marked as "bytes"
Flavors: r-devel-linux-x86_64-fedora-clang, r-devel-linux-x86_64-fedora-gcc
Version: 0.82
Check: package dependencies
Result: NOTE
Package suggested but not available for checking: ‘quanteda’
Flavor: r-release-macos-x86_64