Last updated on 2024-04-17 23:00:05 CEST.
Flavor | Version | Tinstall | Tcheck | Ttotal | Status | Flags |
---|---|---|---|---|---|---|
r-devel-linux-x86_64-debian-clang | 0.0-3 | 1.92 | 27.37 | 29.29 | NOTE | |
r-devel-linux-x86_64-debian-gcc | 0.0-3 | 1.79 | 21.17 | 22.96 | NOTE | |
r-devel-linux-x86_64-fedora-clang | 0.0-3 | 37.69 | NOTE | |||
r-devel-linux-x86_64-fedora-gcc | 0.0-3 | 35.79 | NOTE | |||
r-prerel-macos-arm64 | 0.0-3 | 17.00 | NOTE | |||
r-prerel-windows-x86_64 | 0.0-3 | 3.00 | 46.00 | 49.00 | NOTE | |
r-patched-linux-x86_64 | 0.0-3 | 2.87 | 26.40 | 29.27 | NOTE | |
r-release-linux-x86_64 | 0.0-3 | 1.99 | 27.09 | 29.08 | NOTE | |
r-release-macos-arm64 | 0.0-3 | 19.00 | NOTE | |||
r-release-macos-x86_64 | 0.0-3 | 23.00 | NOTE | |||
r-release-windows-x86_64 | 0.0-3 | 4.00 | 48.00 | 52.00 | NOTE | |
r-oldrel-macos-arm64 | 0.0-3 | 17.00 | NOTE | |||
r-oldrel-windows-x86_64 | 0.0-3 | 4.00 | 47.00 | 51.00 | NOTE |
Version: 0.0-3
Check: LazyData
Result: NOTE
'LazyData' is specified without a 'data' directory
Flavors: r-devel-linux-x86_64-debian-clang, r-devel-linux-x86_64-debian-gcc, r-devel-linux-x86_64-fedora-clang, r-devel-linux-x86_64-fedora-gcc, r-prerel-macos-arm64, r-prerel-windows-x86_64, r-patched-linux-x86_64, r-release-linux-x86_64, r-release-macos-arm64, r-release-macos-x86_64, r-release-windows-x86_64, r-oldrel-macos-arm64, r-oldrel-windows-x86_64
Version: 0.0-3
Check: Rd cross-references
Result: NOTE
Undeclared package ‘rebus.unicode’ in Rd xrefs
Flavor: r-devel-linux-x86_64-fedora-clang