Last updated on 2024-03-28 23:01:55 CET.
Flavor | Version | Tinstall | Tcheck | Ttotal | Status | Flags |
---|---|---|---|---|---|---|
r-devel-linux-x86_64-debian-clang | 0.0-2 | 2.52 | 28.35 | 30.87 | NOTE | |
r-devel-linux-x86_64-debian-gcc | 0.0-2 | 2.45 | 21.70 | 24.15 | NOTE | |
r-devel-linux-x86_64-fedora-clang | 0.0-2 | 39.00 | NOTE | |||
r-devel-linux-x86_64-fedora-gcc | 0.0-2 | 38.14 | NOTE | |||
r-devel-windows-x86_64 | 0.0-2 | 3.00 | 43.00 | 46.00 | NOTE | |
r-patched-linux-x86_64 | 0.0-2 | 3.65 | 27.00 | 30.65 | NOTE | |
r-release-linux-x86_64 | 0.0-2 | 2.30 | 26.76 | 29.06 | NOTE | |
r-release-macos-arm64 | 0.0-2 | 17.00 | NOTE | |||
r-release-macos-x86_64 | 0.0-2 | 22.00 | NOTE | |||
r-release-windows-x86_64 | 0.0-2 | 5.00 | 42.00 | 47.00 | NOTE | |
r-oldrel-macos-arm64 | 0.0-2 | 18.00 | NOTE | |||
r-oldrel-windows-x86_64 | 0.0-2 | 5.00 | 45.00 | 50.00 | NOTE |
Version: 0.0-2
Check: LazyData
Result: NOTE
'LazyData' is specified without a 'data' directory
Flavors: r-devel-linux-x86_64-debian-clang, r-devel-linux-x86_64-debian-gcc, r-devel-linux-x86_64-fedora-clang, r-devel-linux-x86_64-fedora-gcc, r-devel-windows-x86_64, r-patched-linux-x86_64, r-release-linux-x86_64, r-release-macos-arm64, r-release-macos-x86_64, r-release-windows-x86_64, r-oldrel-macos-arm64, r-oldrel-windows-x86_64