Last updated on 2024-03-28 23:01:55 CET.
Flavor | Version | Tinstall | Tcheck | Ttotal | Status | Flags |
---|---|---|---|---|---|---|
r-devel-linux-x86_64-debian-clang | 1.0.10 | 28.91 | 512.90 | 541.81 | OK | |
r-devel-linux-x86_64-debian-gcc | 1.0.10 | 25.00 | 367.07 | 392.07 | OK | |
r-devel-linux-x86_64-fedora-clang | 1.0.10 | 665.91 | NOTE | |||
r-devel-linux-x86_64-fedora-gcc | 1.0.10 | 688.71 | OK | |||
r-devel-windows-x86_64 | 1.0.10 | 26.00 | 389.00 | 415.00 | OK | |
r-patched-linux-x86_64 | 1.0.10 | 42.83 | 497.34 | 540.17 | OK | |
r-release-linux-x86_64 | 1.0.10 | 26.33 | 487.27 | 513.60 | OK | |
r-release-macos-arm64 | 1.0.10 | 177.00 | OK | |||
r-release-macos-x86_64 | 1.0.10 | 438.00 | OK | |||
r-release-windows-x86_64 | 1.0.10 | 38.00 | 517.00 | 555.00 | OK | |
r-oldrel-macos-arm64 | 1.0.10 | 163.00 | OK | |||
r-oldrel-windows-x86_64 | 1.0.10 | 36.00 | 477.00 | 513.00 | OK |
Version: 1.0.10
Check: Rd cross-references
Result: NOTE
Undeclared packages ‘fastICA’, ‘dimRed’ in Rd xrefs
Flavor: r-devel-linux-x86_64-fedora-clang