Last updated on 2023-09-30 22:59:17 CEST.
Flavor | Version | Tinstall | Tcheck | Ttotal | Status | Flags |
---|---|---|---|---|---|---|
r-devel-linux-x86_64-debian-clang | 0.2.1 | 3.79 | 38.90 | 42.69 | OK | |
r-devel-linux-x86_64-debian-gcc | 0.2.1 | 3.93 | 27.96 | 31.89 | OK | |
r-devel-linux-x86_64-fedora-clang | 0.2.1 | 50.59 | NOTE | |||
r-devel-linux-x86_64-fedora-gcc | 0.2.1 | 53.39 | OK | |||
r-devel-windows-x86_64 | 0.2.1 | 7.00 | 49.00 | 56.00 | NOTE | |
r-patched-linux-x86_64 | 0.2.1 | 3.06 | 36.22 | 39.28 | OK | |
r-release-linux-x86_64 | 0.2.1 | 3.06 | 35.81 | 38.87 | OK | |
r-release-macos-arm64 | 0.2.1 | 27.00 | NOTE | |||
r-release-macos-x86_64 | 0.2.1 | 29.00 | NOTE | |||
r-release-windows-x86_64 | 0.2.1 | 8.00 | 53.00 | 61.00 | NOTE | |
r-oldrel-macos-arm64 | 0.2.1 | 18.00 | NOTE | |||
r-oldrel-macos-x86_64 | 0.2.1 | 29.00 | NOTE | |||
r-oldrel-windows-x86_64 | 0.2.1 | 8.00 | 54.00 | 62.00 | NOTE |
Version: 0.2.1
Check: package dependencies
Result: NOTE
Package suggested but not available for checking: ‘opencv’
Flavor: r-devel-linux-x86_64-fedora-clang
Version: 0.2.1
Check: installed package size
Result: NOTE
installed size is 10.4Mb
sub-directories of 1Mb or more:
htmlwidgets 9.9Mb
Flavors: r-devel-linux-x86_64-fedora-clang, r-devel-windows-x86_64, r-release-macos-arm64, r-release-macos-x86_64, r-release-windows-x86_64, r-oldrel-macos-arm64, r-oldrel-macos-x86_64, r-oldrel-windows-x86_64