Last updated on 2023-04-01 22:53:53 CEST.
Flavor | Version | Tinstall | Tcheck | Ttotal | Status | Flags |
---|---|---|---|---|---|---|
r-devel-linux-x86_64-debian-clang | 0.1.6-3 | 44.89 | 120.84 | 165.73 | OK | |
r-devel-linux-x86_64-debian-gcc | 0.1.6-3 | 32.44 | 91.55 | 123.99 | OK | |
r-devel-linux-x86_64-fedora-clang | 0.1.6-3 | 217.88 | OK | |||
r-devel-linux-x86_64-fedora-gcc | 0.1.6-3 | 229.31 | OK | |||
r-patched-linux-x86_64 | 0.1.6-3 | 37.68 | 116.74 | 154.42 | OK | |
r-release-linux-x86_64 | 0.1.6-3 | 34.47 | 113.40 | 147.87 | OK | |
r-release-macos-arm64 | 0.1.6-3 | 54.00 | OK | |||
r-release-macos-x86_64 | 0.1.6-3 | 85.00 | OK | |||
r-release-windows-x86_64 | 0.1.6-3 | 45.00 | 181.00 | 226.00 | OK | |
r-oldrel-macos-arm64 | 0.1.6-3 | 46.00 | OK | |||
r-oldrel-macos-x86_64 | 0.1.6-3 | 97.00 | OK | |||
r-oldrel-windows-ix86+x86_64 | 0.1.6-3 | 69.00 | 20.00 | 89.00 | ERROR |
Version: 0.1.6-3
Check: whether package can be installed
Result: ERROR
Installation failed.
Flavor: r-oldrel-windows-ix86+x86_64