Last updated on 2024-04-23 22:55:34 CEST.
Flavor | Version | Tinstall | Tcheck | Ttotal | Status | Flags |
---|---|---|---|---|---|---|
r-devel-linux-x86_64-debian-clang | 0.2-0 | 10.13 | 71.51 | 81.64 | OK | |
r-devel-linux-x86_64-debian-gcc | 0.2-0 | 7.21 | 54.00 | 61.21 | OK | |
r-devel-linux-x86_64-fedora-clang | 0.2-0 | 98.73 | NOTE | |||
r-devel-linux-x86_64-fedora-gcc | 0.2-0 | 96.13 | OK | |||
r-prerel-macos-arm64 | 0.2-0 | 34.00 | NOTE | |||
r-prerel-windows-x86_64 | 0.2-0 | 7.00 | 71.00 | 78.00 | NOTE | |
r-patched-linux-x86_64 | 0.2-0 | 7.55 | 68.63 | 76.18 | OK | |
r-release-linux-x86_64 | 0.2-0 | 9.01 | 68.19 | 77.20 | OK | |
r-release-macos-arm64 | 0.2-0 | 35.00 | NOTE | |||
r-release-macos-x86_64 | 0.2-0 | 58.00 | NOTE | |||
r-release-windows-x86_64 | 0.2-0 | 11.00 | 81.00 | 92.00 | NOTE | |
r-oldrel-macos-arm64 | 0.2-0 | 32.00 | NOTE | |||
r-oldrel-windows-x86_64 | 0.2-0 | 11.00 | 81.00 | 92.00 | NOTE |
Version: 0.2-0
Check: installed package size
Result: NOTE
installed size is 9.1Mb
sub-directories of 1Mb or more:
data 9.0Mb
Flavors: r-devel-linux-x86_64-fedora-clang, r-prerel-macos-arm64, r-prerel-windows-x86_64, r-release-macos-arm64, r-release-macos-x86_64, r-release-windows-x86_64, r-oldrel-macos-arm64, r-oldrel-windows-x86_64