CRAN Package Check Results for Package redR

Last updated on 2020-01-18 22:48:43 CET.

Flavor Version Tinstall Tcheck Ttotal Status Flags
r-devel-linux-x86_64-debian-clang 1.0.1 3.88 35.85 39.73 OK
r-devel-linux-x86_64-debian-gcc 1.0.1 3.27 28.58 31.85 OK
r-devel-linux-x86_64-fedora-clang 1.0.1 53.49 WARN
r-devel-linux-x86_64-fedora-gcc 1.0.1 48.02 OK
r-devel-windows-ix86+x86_64 1.0.1 14.00 55.00 69.00 OK
r-devel-windows-ix86+x86_64-gcc8 1.0.1 12.00 73.00 85.00 OK
r-patched-linux-x86_64 1.0.1 3.32 33.02 36.34 OK
r-patched-solaris-x86 1.0.1 82.10 OK
r-release-linux-x86_64 1.0.1 3.88 33.07 36.95 OK
r-release-windows-ix86+x86_64 1.0.1 14.00 52.00 66.00 OK
r-release-osx-x86_64 1.0.1 OK
r-oldrel-windows-ix86+x86_64 1.0.1 8.00 56.00 64.00 OK
r-oldrel-osx-x86_64 1.0.1 OK

Check Details

Version: 1.0.1
Check: package dependencies
Result: WARN
    Requires orphaned package: ‘imager’
Flavor: r-devel-linux-x86_64-fedora-clang