Last updated on 2024-04-18 22:52:56 CEST.
Flavor | Version | Tinstall | Tcheck | Ttotal | Status | Flags |
---|---|---|---|---|---|---|
r-devel-linux-x86_64-debian-clang | 0.5.4 | 62.99 | 128.09 | 191.08 | NOTE | |
r-devel-linux-x86_64-debian-gcc | 0.5.4 | 56.81 | 93.54 | 150.35 | NOTE | |
r-devel-linux-x86_64-fedora-clang | 0.5.4 | 268.16 | NOTE | |||
r-devel-linux-x86_64-fedora-gcc | 0.5.4 | 269.50 | NOTE | |||
r-prerel-macos-arm64 | 0.5.4 | 63.00 | NOTE | |||
r-prerel-windows-x86_64 | 0.5.4 | 54.00 | 124.00 | 178.00 | NOTE | |
r-patched-linux-x86_64 | 0.5.4 | 66.22 | 121.43 | 187.65 | NOTE | |
r-release-linux-x86_64 | 0.5.4 | 66.23 | 116.18 | 182.41 | NOTE | |
r-release-macos-arm64 | 0.5.4 | 70.00 | NOTE | |||
r-release-macos-x86_64 | 0.5.4 | 118.00 | NOTE | |||
r-release-windows-x86_64 | 0.5.4 | 70.00 | 148.00 | 218.00 | NOTE | |
r-oldrel-macos-arm64 | 0.5.4 | 65.00 | NOTE | |||
r-oldrel-windows-x86_64 | 0.5.4 | 72.00 | 139.00 | 211.00 | NOTE |
Version: 0.5.4
Check: C++ specification
Result: NOTE
Specified C++11: please drop specification unless essential
Flavors: r-devel-linux-x86_64-debian-clang, r-devel-linux-x86_64-debian-gcc, r-devel-linux-x86_64-fedora-clang, r-devel-linux-x86_64-fedora-gcc, r-prerel-macos-arm64, r-prerel-windows-x86_64, r-patched-linux-x86_64, r-release-linux-x86_64, r-release-macos-arm64, r-release-macos-x86_64, r-release-windows-x86_64
Version: 0.5.4
Check: Rd files
Result: NOTE
checkRd: (-1) simEvent.Rd:112: Lost braces; missing escapes or markup?
112 | and another argument named {zCoef} for covariate coefficient vector.
| ^
Flavors: r-devel-linux-x86_64-debian-clang, r-devel-linux-x86_64-debian-gcc, r-devel-linux-x86_64-fedora-clang, r-devel-linux-x86_64-fedora-gcc, r-prerel-macos-arm64, r-prerel-windows-x86_64, r-patched-linux-x86_64
Version: 0.5.4
Check: installed package size
Result: NOTE
installed size is 6.8Mb
sub-directories of 1Mb or more:
doc 3.3Mb
libs 2.9Mb
Flavors: r-prerel-macos-arm64, r-release-macos-arm64, r-release-macos-x86_64, r-release-windows-x86_64, r-oldrel-macos-arm64, r-oldrel-windows-x86_64