Last updated on 2024-04-22 23:10:02 CEST.
Flavor | Version | Tinstall | Tcheck | Ttotal | Status | Flags |
---|---|---|---|---|---|---|
r-devel-linux-x86_64-debian-clang | 4.2.0 | 485.63 | 298.96 | 784.59 | WARN | |
r-devel-linux-x86_64-debian-gcc | 4.2.0 | 395.08 | 216.12 | 611.20 | OK | |
r-devel-linux-x86_64-fedora-clang | 4.2.0 | 1150.30 | NOTE | |||
r-devel-linux-x86_64-fedora-gcc | 4.2.0 | 1147.52 | OK | |||
r-prerel-macos-arm64 | 4.2.0 | 221.00 | NOTE | |||
r-prerel-windows-x86_64 | 4.2.0 | 394.00 | 293.00 | 687.00 | NOTE | |
r-patched-linux-x86_64 | 4.2.0 | 524.86 | 275.60 | 800.46 | OK | |
r-release-linux-x86_64 | 4.2.0 | 491.99 | 280.26 | 772.25 | OK | |
r-release-macos-arm64 | 4.2.0 | 234.00 | NOTE | |||
r-release-macos-x86_64 | 4.2.0 | 389.00 | NOTE | |||
r-release-windows-x86_64 | 4.2.0 | 475.00 | 359.00 | 834.00 | NOTE | |
r-oldrel-macos-arm64 | 4.2.0 | 238.00 | NOTE | |||
r-oldrel-windows-x86_64 | 4.2.0 | 473.00 | 331.00 | 804.00 | NOTE |
Version: 4.2.0
Check: whether package can be installed
Result: WARN
Found the following significant warnings:
/usr/bin/../lib/gcc/x86_64-linux-gnu/14/../../../../include/c++/14/functional:558:2: warning: 'result_of<(lambda at /home/hornik/tmp/R.check/r-devel-clang/Work/build/Packages/RcppThread/include/RcppThread/ThreadPool.hpp:187:24) &()>' is deprecated: use 'std::invoke_result' instead [-Wdeprecated-declarations]
/usr/bin/../lib/gcc/x86_64-linux-gnu/14/../../../../include/c++/14/functional:558:2: warning: 'result_of<std::_Bind<(lambda at /home/hornik/tmp/R.check/r-devel-clang/Work/build/Packages/RcppThread/include/RcppThread/ThreadPool.hpp:187:24) ()> &()>' is deprecated: use 'std::invoke_result' instead [-Wdeprecated-declarations]
/usr/bin/../lib/gcc/x86_64-linux-gnu/14/../../../../include/c++/14/functional:558:2: warning: 'result_of<(lambda at /home/hornik/tmp/R.check/r-devel-clang/Work/build/Packages/RcppThread/include/RcppThread/ThreadPool.hpp:200:24) &()>' is deprecated: use 'std::invoke_result' instead [-Wdeprecated-declarations]
/usr/bin/../lib/gcc/x86_64-linux-gnu/14/../../../../include/c++/14/functional:558:2: warning: 'result_of<std::_Bind<(lambda at /home/hornik/tmp/R.check/r-devel-clang/Work/build/Packages/RcppThread/include/RcppThread/ThreadPool.hpp:200:24) ()> &()>' is deprecated: use 'std::invoke_result' instead [-Wdeprecated-declarations]
See ‘/home/hornik/tmp/R.check/r-devel-clang/Work/PKGS/redist.Rcheck/00install.out’ for details.
* used C++ compiler: ‘Debian clang version 18.1.0 (rc4-1)’
Flavor: r-devel-linux-x86_64-debian-clang
Version: 4.2.0
Check: installed package size
Result: NOTE
installed size is 5.2Mb
sub-directories of 1Mb or more:
data 1.2Mb
libs 1.3Mb
Flavors: r-devel-linux-x86_64-fedora-clang, r-prerel-macos-arm64, r-prerel-windows-x86_64, r-release-macos-arm64, r-release-macos-x86_64, r-release-windows-x86_64, r-oldrel-macos-arm64, r-oldrel-windows-x86_64
Version: 4.2.0
Check: package dependencies
Result: NOTE
Package suggested but not available for checking: ‘Rmpi’
Flavors: r-prerel-macos-arm64, r-release-macos-arm64, r-release-macos-x86_64, r-oldrel-macos-arm64