Last updated on 2023-01-28 22:55:23 CET.
Flavor | Version | Tinstall | Tcheck | Ttotal | Status | Flags |
---|---|---|---|---|---|---|
r-devel-linux-x86_64-debian-clang | 1.0.3 | 24.43 | 381.36 | 405.79 | NOTE | |
r-devel-linux-x86_64-debian-gcc | 1.0.3 | 22.19 | 350.25 | 372.44 | NOTE | |
r-devel-linux-x86_64-fedora-clang | 1.0.3 | 495.67 | NOTE | |||
r-devel-linux-x86_64-fedora-gcc | 1.0.3 | 664.10 | NOTE | |||
r-patched-linux-x86_64 | 1.0.3 | 25.15 | 471.03 | 496.18 | NOTE | |
r-release-linux-x86_64 | 1.0.3 | 25.96 | 494.12 | 520.08 | NOTE | |
r-release-macos-arm64 | 1.0.3 | 186.00 | NOTE | |||
r-release-macos-x86_64 | 1.0.3 | 249.00 | NOTE | |||
r-release-windows-x86_64 | 1.0.3 | 31.00 | 525.00 | 556.00 | NOTE | |
r-oldrel-macos-arm64 | 1.0.3 | 115.00 | NOTE | |||
r-oldrel-macos-x86_64 | 1.0.3 | 237.00 | NOTE | |||
r-oldrel-windows-ix86+x86_64 | 1.0.3 | 63.00 | 571.00 | 634.00 | NOTE |
Version: 1.0.3
Check: LazyData
Result: NOTE
'LazyData' is specified without a 'data' directory
Flavors: r-devel-linux-x86_64-debian-clang, r-devel-linux-x86_64-debian-gcc, r-devel-linux-x86_64-fedora-clang, r-devel-linux-x86_64-fedora-gcc, r-patched-linux-x86_64, r-release-linux-x86_64, r-release-macos-arm64, r-release-macos-x86_64, r-release-windows-x86_64, r-oldrel-macos-arm64, r-oldrel-macos-x86_64, r-oldrel-windows-ix86+x86_64