Last updated on 2024-04-25 22:49:19 CEST.
Flavor | Version | Tinstall | Tcheck | Ttotal | Status | Flags |
---|---|---|---|---|---|---|
r-devel-linux-x86_64-debian-clang | 0.1.0 | 2.28 | 22.41 | 24.69 | NOTE | |
r-devel-linux-x86_64-debian-gcc | 0.1.0 | 1.77 | 17.41 | 19.18 | NOTE | |
r-devel-linux-x86_64-fedora-clang | 0.1.0 | 31.57 | NOTE | |||
r-devel-linux-x86_64-fedora-gcc | 0.1.0 | 29.73 | NOTE | |||
r-devel-windows-x86_64 | 0.1.0 | 4.00 | 40.00 | 44.00 | NOTE | |
r-patched-linux-x86_64 | 0.1.0 | 2.36 | 21.37 | 23.73 | NOTE | |
r-release-linux-x86_64 | 0.1.0 | 2.31 | 22.06 | 24.37 | OK | |
r-release-macos-arm64 | 0.1.0 | 15.00 | NOTE | |||
r-release-windows-x86_64 | 0.1.0 | 3.00 | 39.00 | 42.00 | NOTE | |
r-oldrel-macos-arm64 | 0.1.0 | 17.00 | OK | |||
r-oldrel-macos-x86_64 | 0.1.0 | 21.00 | OK | |||
r-oldrel-windows-x86_64 | 0.1.0 | 4.00 | 39.00 | 43.00 | OK |
Version: 0.1.0
Check: Rd files
Result: NOTE
checkRd: (-1) make_refreshable.Rd:13: Lost braces
13 | not that quotes need to be escaped (code{\"}).}
| ^
Flavors: r-devel-linux-x86_64-debian-clang, r-devel-linux-x86_64-debian-gcc, r-devel-linux-x86_64-fedora-clang, r-devel-linux-x86_64-fedora-gcc, r-devel-windows-x86_64, r-patched-linux-x86_64, r-release-macos-arm64, r-release-windows-x86_64