Last updated on 2024-04-17 23:00:06 CEST.
Flavor | Version | Tinstall | Tcheck | Ttotal | Status | Flags |
---|---|---|---|---|---|---|
r-devel-linux-x86_64-debian-clang | 0.5 | 3.67 | 61.00 | 64.67 | OK | |
r-devel-linux-x86_64-debian-gcc | 0.5 | 2.99 | 45.29 | 48.28 | OK | |
r-devel-linux-x86_64-fedora-clang | 0.5 | 86.93 | OK | |||
r-devel-linux-x86_64-fedora-gcc | 0.5 | 83.23 | OK | |||
r-prerel-macos-arm64 | 0.5 | 5.00 | ERROR | |||
r-prerel-macos-x86_64 | 0.5 | 7.00 | ERROR | |||
r-prerel-windows-x86_64 | 0.5 | 3.00 | 60.00 | 63.00 | OK | |
r-patched-linux-x86_64 | 0.5 | 3.28 | 57.97 | 61.25 | OK | |
r-release-linux-x86_64 | 0.5 | 3.10 | 57.98 | 61.08 | OK | |
r-release-macos-arm64 | 0.5 | 9.00 | ERROR | |||
r-release-macos-x86_64 | 0.5 | 6.00 | ERROR | |||
r-release-windows-x86_64 | 0.5 | 4.00 | 68.00 | 72.00 | OK | |
r-oldrel-macos-arm64 | 0.5 | 10.00 | ERROR | |||
r-oldrel-windows-x86_64 | 0.5 | 4.00 | 72.00 | 76.00 | OK |
Version: 0.5
Check: package dependencies
Result: ERROR
Package required but not available: ‘Rmpi’
See section ‘The DESCRIPTION file’ in the ‘Writing R Extensions’
manual.
Flavors: r-prerel-macos-arm64, r-prerel-macos-x86_64, r-release-macos-arm64, r-release-macos-x86_64, r-oldrel-macos-arm64