Last updated on 2024-04-17 23:00:06 CEST.
Flavor | Version | Tinstall | Tcheck | Ttotal | Status | Flags |
---|---|---|---|---|---|---|
r-devel-linux-x86_64-debian-clang | 2.1.0 | 73.17 | 913.49 | 986.66 | NOTE | |
r-devel-linux-x86_64-debian-gcc | 2.1.0 | 58.73 | 695.35 | 754.08 | NOTE | |
r-devel-linux-x86_64-fedora-clang | 2.1.0 | 1201.03 | NOTE | |||
r-devel-linux-x86_64-fedora-gcc | 2.1.0 | 1284.56 | NOTE | |||
r-prerel-macos-arm64 | 2.1.0 | 377.00 | NOTE | |||
r-prerel-windows-x86_64 | 2.1.0 | 57.00 | 815.00 | 872.00 | NOTE | |
r-patched-linux-x86_64 | 2.1.0 | 82.80 | 906.24 | 989.04 | NOTE | |
r-release-linux-x86_64 | 2.1.0 | 60.16 | 918.16 | 978.32 | NOTE | |
r-release-macos-arm64 | 2.1.0 | 410.00 | NOTE | |||
r-release-macos-x86_64 | 2.1.0 | 628.00 | NOTE | |||
r-release-windows-x86_64 | 2.1.0 | 73.00 | 971.00 | 1044.00 | NOTE | |
r-oldrel-macos-arm64 | 2.1.0 | 314.00 | OK | |||
r-oldrel-windows-x86_64 | 2.1.0 | 72.00 | 1001.00 | 1073.00 | OK |
Version: 2.1.0
Check: C++ specification
Result: NOTE
Specified C++11: please drop specification unless essential
Flavors: r-devel-linux-x86_64-debian-clang, r-devel-linux-x86_64-debian-gcc, r-devel-linux-x86_64-fedora-clang, r-devel-linux-x86_64-fedora-gcc, r-prerel-macos-arm64, r-prerel-windows-x86_64, r-patched-linux-x86_64, r-release-linux-x86_64, r-release-macos-arm64, r-release-macos-x86_64, r-release-windows-x86_64