Last updated on 2023-06-09 22:58:37 CEST.
Flavor | Version | Tinstall | Tcheck | Ttotal | Status | Flags |
---|---|---|---|---|---|---|
r-devel-linux-x86_64-debian-clang | 2.1.0 | 62.38 | 88.70 | 151.08 | NOTE | |
r-devel-linux-x86_64-debian-gcc | 2.1.0 | 44.51 | 70.17 | 114.68 | NOTE | |
r-devel-linux-x86_64-fedora-clang | 2.1.0 | 204.87 | NOTE | |||
r-devel-linux-x86_64-fedora-gcc | 2.1.0 | 209.90 | NOTE | |||
r-devel-windows-x86_64 | 2.1.0 | 45.00 | 105.00 | 150.00 | NOTE | |
r-patched-linux-x86_64 | 2.1.0 | 51.45 | 84.96 | 136.41 | NOTE | |
r-release-linux-x86_64 | 2.1.0 | 50.69 | 84.85 | 135.54 | NOTE | |
r-release-macos-arm64 | 2.1.0 | 85.00 | NOTE | |||
r-release-macos-x86_64 | 2.1.0 | 98.00 | NOTE | |||
r-release-windows-x86_64 | 2.1.0 | 59.00 | 130.00 | 189.00 | NOTE | |
r-oldrel-macos-arm64 | 2.1.0 | 61.00 | OK | |||
r-oldrel-macos-x86_64 | 2.1.0 | 73.00 | OK | |||
r-oldrel-windows-x86_64 | 2.1.0 | 57.00 | 133.00 | 190.00 | OK |
Version: 2.1.0
Check: C++ specification
Result: NOTE
Specified C++11: please drop specification unless essential
Flavors: r-devel-linux-x86_64-debian-clang, r-devel-linux-x86_64-debian-gcc, r-devel-linux-x86_64-fedora-clang, r-devel-linux-x86_64-fedora-gcc, r-devel-windows-x86_64, r-patched-linux-x86_64, r-release-linux-x86_64, r-release-macos-arm64, r-release-macos-x86_64, r-release-windows-x86_64