CRAN Package Check Results for Package rego

Last updated on 2023-12-03 22:57:18 CET.

Flavor Version Tinstall Tcheck Ttotal Status Flags
r-devel-linux-x86_64-debian-clang 1.6.1 44.38 29.65 74.03 OK
r-devel-linux-x86_64-debian-gcc 1.6.1 36.07 23.51 59.58 OK
r-devel-linux-x86_64-fedora-clang 1.6.1 102.64 NOTE
r-devel-linux-x86_64-fedora-gcc 1.6.1 110.77 OK
r-devel-windows-x86_64 1.6.1 43.00 69.00 112.00 NOTE
r-patched-linux-x86_64 1.6.1 44.64 30.10 74.74 OK
r-release-linux-x86_64 1.6.1 39.98 30.42 70.40 OK
r-release-macos-arm64 1.6.1 33.00 NOTE
r-release-macos-x86_64 1.6.1 73.00 NOTE
r-release-windows-x86_64 1.6.1 43.00 73.00 116.00 NOTE
r-oldrel-macos-arm64 1.6.1 37.00 NOTE
r-oldrel-macos-x86_64 1.6.1 51.00 NOTE
r-oldrel-windows-x86_64 1.6.1 51.00 77.00 128.00 NOTE

Check Details

Version: 1.6.1
Check: installed package size
Result: NOTE installed size is 7.1Mb sub-directories of 1Mb or more: include 6.4Mb Flavors: r-devel-linux-x86_64-fedora-clang, r-devel-windows-x86_64, r-release-macos-arm64, r-release-macos-x86_64, r-release-windows-x86_64, r-oldrel-macos-arm64, r-oldrel-macos-x86_64, r-oldrel-windows-x86_64