Last updated on 2025-01-19 22:49:22 CET.
Flavor | Version | Tinstall | Tcheck | Ttotal | Status | Flags |
---|---|---|---|---|---|---|
r-devel-linux-x86_64-debian-clang | 1.7.0 | 11.37 | 109.15 | 120.52 | OK | |
r-devel-linux-x86_64-debian-gcc | 1.7.0 | 9.43 | 81.49 | 90.92 | OK | |
r-devel-linux-x86_64-fedora-clang | 1.7.0 | 200.61 | NOTE | |||
r-devel-linux-x86_64-fedora-gcc | 1.7.0 | 208.03 | OK | |||
r-devel-windows-x86_64 | 1.7.0 | 14.00 | 118.00 | 132.00 | OK | |
r-patched-linux-x86_64 | 1.7.0 | 13.19 | 99.63 | 112.82 | OK | |
r-release-linux-x86_64 | 1.7.0 | 11.72 | 101.14 | 112.86 | OK | |
r-release-macos-arm64 | 1.7.0 | 59.00 | OK | |||
r-release-macos-x86_64 | 1.7.0 | 89.00 | OK | |||
r-release-windows-x86_64 | 1.7.0 | 13.00 | 129.00 | 142.00 | OK | |
r-oldrel-macos-arm64 | 1.7.0 | 60.00 | OK | |||
r-oldrel-macos-x86_64 | 1.7.0 | 101.00 | NOTE | |||
r-oldrel-windows-x86_64 | 1.7.0 | 17.00 | 142.00 | 159.00 | OK |
Version: 1.7.0
Check: whether startup messages can be suppressed
Result: NOTE
OMP: Warning #96: Cannot form a team with 24 threads, using 2 instead.
OMP: Hint Consider unsetting KMP_DEVICE_THREAD_LIMIT (KMP_ALL_THREADS), KMP_TEAMS_THREAD_LIMIT, and OMP_THREAD_LIMIT (if any are set).
It looks like this package (or a package it requires) has a startup
message which cannot be suppressed: see ?packageStartupMessage.
Flavor: r-devel-linux-x86_64-fedora-clang
Version: 1.7.0
Check: package dependencies
Result: NOTE
Packages suggested but not available for checking: 'cdparcoord', 'partools'
Flavor: r-oldrel-macos-x86_64