Last updated on 2024-04-18 22:52:56 CEST.
Flavor | Version | Tinstall | Tcheck | Ttotal | Status | Flags |
---|---|---|---|---|---|---|
r-devel-linux-x86_64-debian-clang | 0.5.2 | 4.25 | 38.39 | 42.64 | NOTE | |
r-devel-linux-x86_64-debian-gcc | 0.5.2 | 3.07 | 29.31 | 32.38 | NOTE | |
r-devel-linux-x86_64-fedora-clang | 0.5.2 | 54.67 | NOTE | |||
r-devel-linux-x86_64-fedora-gcc | 0.5.2 | 50.85 | NOTE | |||
r-prerel-macos-arm64 | 0.5.2 | 20.00 | NOTE | |||
r-prerel-windows-x86_64 | 0.5.2 | 6.00 | 48.00 | 54.00 | NOTE | |
r-patched-linux-x86_64 | 0.5.2 | 4.09 | 37.35 | 41.44 | NOTE | |
r-release-linux-x86_64 | 0.5.2 | 3.67 | 37.29 | 40.96 | NOTE | |
r-release-macos-arm64 | 0.5.2 | 20.00 | NOTE | |||
r-release-macos-x86_64 | 0.5.2 | 29.00 | NOTE | |||
r-release-windows-x86_64 | 0.5.2 | 6.00 | 52.00 | 58.00 | NOTE | |
r-oldrel-macos-arm64 | 0.5.2 | 20.00 | NOTE | |||
r-oldrel-windows-x86_64 | 0.5.2 | 6.00 | 59.00 | 65.00 | NOTE |
Version: 0.5.2
Check: LazyData
Result: NOTE
'LazyData' is specified without a 'data' directory
Flavors: r-devel-linux-x86_64-debian-clang, r-devel-linux-x86_64-debian-gcc, r-devel-linux-x86_64-fedora-clang, r-devel-linux-x86_64-fedora-gcc, r-prerel-macos-arm64, r-prerel-windows-x86_64, r-patched-linux-x86_64, r-release-linux-x86_64, r-release-macos-arm64, r-release-macos-x86_64, r-release-windows-x86_64, r-oldrel-macos-arm64, r-oldrel-windows-x86_64