Last updated on 2023-01-29 23:03:19 CET.
Flavor | Version | Tinstall | Tcheck | Ttotal | Status | Flags |
---|---|---|---|---|---|---|
r-devel-linux-x86_64-debian-clang | 0.3-4 | 52.67 | 60.52 | 113.19 | OK | |
r-devel-linux-x86_64-debian-gcc | 0.3-4 | 41.07 | 45.90 | 86.97 | NOTE | |
r-devel-linux-x86_64-fedora-clang | 0.3-4 | 161.24 | NOTE | |||
r-devel-linux-x86_64-fedora-gcc | 0.3-4 | 156.34 | NOTE | |||
r-devel-windows-x86_64 | 0.3-4 | 77.00 | 128.00 | 205.00 | NOTE | |
r-patched-linux-x86_64 | 0.3-4 | 42.36 | 58.53 | 100.89 | OK | |
r-release-linux-x86_64 | 0.3-4 | 43.12 | 59.20 | 102.32 | OK | |
r-release-macos-arm64 | 0.3-4 | 48.00 | OK | |||
r-release-macos-x86_64 | 0.3-4 | 56.00 | OK | |||
r-release-windows-x86_64 | 0.3-4 | 75.00 | 108.00 | 183.00 | OK | |
r-oldrel-macos-arm64 | 0.3-4 | 47.00 | OK | |||
r-oldrel-macos-x86_64 | 0.3-4 | 58.00 | OK | |||
r-oldrel-windows-ix86+x86_64 | 0.3-4 | 128.00 | 130.00 | 258.00 | OK |
Version: 0.3-4
Check: C++ specification
Result: NOTE
Specified C++11: please update to current default of C++17
Flavors: r-devel-linux-x86_64-debian-gcc, r-devel-linux-x86_64-fedora-clang, r-devel-linux-x86_64-fedora-gcc, r-devel-windows-x86_64