Last updated on 2025-01-19 22:49:22 CET.
Flavor | Version | Tinstall | Tcheck | Ttotal | Status | Flags |
---|---|---|---|---|---|---|
r-devel-linux-x86_64-debian-clang | 3.2.2 | 58.66 | 50.80 | 109.46 | OK | |
r-devel-linux-x86_64-debian-gcc | 3.2.2 | 47.29 | 40.00 | 87.29 | OK | |
r-devel-linux-x86_64-fedora-clang | 3.2.2 | 201.71 | OK | |||
r-devel-linux-x86_64-fedora-gcc | 3.2.2 | 238.66 | OK | |||
r-devel-windows-x86_64 | 3.2.2 | 63.00 | 108.00 | 171.00 | OK | |
r-patched-linux-x86_64 | 3.2.2 | 62.81 | 48.27 | 111.08 | OK | |
r-release-linux-x86_64 | 3.2.2 | 65.92 | 47.97 | 113.89 | OK | |
r-release-macos-arm64 | 3.2.2 | 75.00 | NOTE | |||
r-release-macos-x86_64 | 3.2.2 | 77.00 | NOTE | |||
r-release-windows-x86_64 | 3.2.2 | 63.00 | 106.00 | 169.00 | OK | |
r-oldrel-macos-arm64 | 3.2.2 | 61.00 | NOTE | |||
r-oldrel-macos-x86_64 | 3.2.2 | 115.00 | NOTE | |||
r-oldrel-windows-x86_64 | 3.2.2 | 70.00 | 118.00 | 188.00 | OK |
Version: 3.2.2
Check: installed package size
Result: NOTE
installed size is 7.1Mb
sub-directories of 1Mb or more:
libs 6.5Mb
Flavors: r-release-macos-arm64, r-release-macos-x86_64, r-oldrel-macos-arm64, r-oldrel-macos-x86_64