CRAN Package Check Results for Package remstimate

Last updated on 2025-01-19 22:49:22 CET.

Flavor Version Tinstall Tcheck Ttotal Status Flags
r-devel-linux-x86_64-debian-clang 2.3.11 43.35 127.87 171.22 OK
r-devel-linux-x86_64-debian-gcc 2.3.11 28.53 74.54 103.07 OK
r-devel-linux-x86_64-fedora-clang 2.3.11 293.69 OK
r-devel-linux-x86_64-fedora-gcc 2.3.11 285.24 OK
r-devel-windows-x86_64 2.3.11 41.00 176.00 217.00 OK
r-patched-linux-x86_64 2.3.11 42.41 107.35 149.76 OK
r-release-linux-x86_64 2.3.11 41.78 106.55 148.33 OK
r-release-macos-arm64 2.3.11 82.00 NOTE
r-release-macos-x86_64 2.3.11 120.00 NOTE
r-release-windows-x86_64 2.3.11 43.00 179.00 222.00 NOTE
r-oldrel-macos-arm64 2.3.11 83.00 NOTE
r-oldrel-macos-x86_64 2.3.11 187.00 NOTE
r-oldrel-windows-x86_64 2.3.11 48.00 210.00 258.00 NOTE

Check Details

Version: 2.3.11
Check: installed package size
Result: NOTE installed size is 9.3Mb sub-directories of 1Mb or more: doc 3.9Mb libs 5.0Mb Flavors: r-release-macos-arm64, r-release-macos-x86_64, r-release-windows-x86_64, r-oldrel-macos-arm64, r-oldrel-macos-x86_64, r-oldrel-windows-x86_64