Last updated on 2024-04-18 22:52:56 CEST.
Flavor | Version | Tinstall | Tcheck | Ttotal | Status | Flags |
---|---|---|---|---|---|---|
r-devel-linux-x86_64-debian-clang | 1.2.3 | 3.48 | 45.96 | 49.44 | NOTE | |
r-devel-linux-x86_64-debian-gcc | 1.2.3 | 3.33 | 34.14 | 37.47 | NOTE | |
r-devel-linux-x86_64-fedora-clang | 1.2.3 | 63.27 | NOTE | |||
r-devel-linux-x86_64-fedora-gcc | 1.2.3 | 73.33 | NOTE | |||
r-prerel-macos-arm64 | 1.2.3 | 26.00 | NOTE | |||
r-prerel-windows-x86_64 | 1.2.3 | 4.00 | 58.00 | 62.00 | NOTE | --no-vignettes |
r-patched-linux-x86_64 | 1.2.3 | 5.28 | 44.89 | 50.17 | NOTE | |
r-release-linux-x86_64 | 1.2.3 | 3.25 | 41.48 | 44.73 | OK | |
r-release-macos-arm64 | 1.2.3 | 27.00 | OK | |||
r-release-macos-x86_64 | 1.2.3 | 41.00 | OK | |||
r-release-windows-x86_64 | 1.2.3 | 6.00 | 64.00 | 70.00 | OK | --no-vignettes |
r-oldrel-macos-arm64 | 1.2.3 | 22.00 | OK | |||
r-oldrel-windows-x86_64 | 1.2.3 | 6.00 | 61.00 | 67.00 | OK | --no-vignettes |
Version: 1.2.3
Check: Rd files
Result: NOTE
checkRd: (-1) rentrez.Rd:17-21: Lost braces
17 | /enumerated{
| ^
Flavors: r-devel-linux-x86_64-debian-clang, r-devel-linux-x86_64-debian-gcc, r-devel-linux-x86_64-fedora-clang, r-devel-linux-x86_64-fedora-gcc, r-prerel-macos-arm64, r-patched-linux-x86_64
Version: 1.2.3
Flags: --no-vignettes
Check: Rd files
Result: NOTE
checkRd: (-1) rentrez.Rd:17-21: Lost braces
17 | /enumerated{
| ^
Flavor: r-prerel-windows-x86_64