CRAN Package Check Results for Package repo

Last updated on 2023-09-21 23:03:29 CEST.

Flavor Version Tinstall Tcheck Ttotal Status Flags
r-devel-linux-x86_64-debian-clang 2.1.5 4.06 40.70 44.76 NOTE
r-devel-linux-x86_64-debian-gcc 2.1.5 3.61 30.27 33.88 NOTE
r-devel-linux-x86_64-fedora-clang 2.1.5 54.94 NOTE
r-devel-linux-x86_64-fedora-gcc 2.1.5 69.36 NOTE
r-devel-windows-x86_64 2.1.5 6.00 59.00 65.00 NOTE
r-patched-linux-x86_64 2.1.5 4.84 38.73 43.57 NOTE
r-release-linux-x86_64 2.1.5 3.16 39.09 42.25 NOTE
r-release-macos-arm64 2.1.5 29.00 NOTE
r-release-macos-x86_64 2.1.5 39.00 NOTE
r-release-windows-x86_64 2.1.5 6.00 64.00 70.00 NOTE
r-oldrel-macos-arm64 2.1.5 26.00 OK
r-oldrel-macos-x86_64 2.1.5 32.00 OK
r-oldrel-windows-x86_64 2.1.5 8.00 59.00 67.00 OK

Check Details

Version: 2.1.5
Check: package subdirectories
Result: NOTE
    Problems with news in ‘NEWS.md’:
    No news entries found.
Flavors: r-devel-linux-x86_64-debian-clang, r-devel-linux-x86_64-debian-gcc, r-devel-linux-x86_64-fedora-clang, r-devel-linux-x86_64-fedora-gcc, r-devel-windows-x86_64, r-patched-linux-x86_64, r-release-linux-x86_64, r-release-macos-arm64, r-release-macos-x86_64, r-release-windows-x86_64