Last updated on 2024-04-22 23:10:02 CEST.
Flavor | Version | Tinstall | Tcheck | Ttotal | Status | Flags |
---|---|---|---|---|---|---|
r-devel-linux-x86_64-debian-clang | 2.2.3 | 96.08 | 316.54 | 412.62 | OK | |
r-devel-linux-x86_64-debian-gcc | 2.2.3 | 67.71 | 273.12 | 340.83 | OK | |
r-devel-linux-x86_64-fedora-clang | 2.2.3 | 535.36 | OK | |||
r-devel-linux-x86_64-fedora-gcc | 2.2.3 | 598.52 | OK | |||
r-prerel-macos-arm64 | 2.2.3 | 179.00 | NOTE | |||
r-prerel-macos-x86_64 | 2.2.3 | 519.00 | NOTE | |||
r-prerel-windows-x86_64 | 2.2.3 | 64.00 | 327.00 | 391.00 | OK | |
r-patched-linux-x86_64 | 2.2.3 | 87.52 | 340.86 | 428.38 | OK | |
r-release-linux-x86_64 | 2.2.3 | 89.79 | 349.47 | 439.26 | OK | |
r-release-macos-arm64 | 2.2.3 | 186.00 | NOTE | |||
r-release-macos-x86_64 | 2.2.3 | 497.00 | NOTE | |||
r-release-windows-x86_64 | 2.2.3 | 80.00 | 390.00 | 470.00 | OK | |
r-oldrel-macos-arm64 | 2.2.3 | 182.00 | NOTE | |||
r-oldrel-windows-x86_64 | 2.2.3 | 77.00 | 363.00 | 440.00 | OK |
Version: 2.2.3
Check: installed package size
Result: NOTE
installed size is 9.3Mb
sub-directories of 1Mb or more:
doc 1.9Mb
libs 6.8Mb
Flavors: r-prerel-macos-arm64, r-prerel-macos-x86_64, r-release-macos-arm64, r-release-macos-x86_64, r-oldrel-macos-arm64