CRAN Package Check Results for Package resemble

Last updated on 2018-12-11 21:49:01 CET.

Flavor Version Tinstall Tcheck Ttotal Status Flags
r-devel-linux-x86_64-debian-clang 1.2.2 81.64 41.01 122.65 WARN
r-devel-linux-x86_64-debian-gcc 1.2.2 70.03 32.15 102.18 OK
r-devel-linux-x86_64-fedora-clang 1.2.2 170.50 WARN
r-devel-linux-x86_64-fedora-gcc 1.2.2 159.44 NOTE
r-devel-windows-ix86+x86_64 1.2.2 179.00 80.00 259.00 OK
r-patched-linux-x86_64 1.2.2 87.72 38.53 126.25 OK
r-patched-solaris-x86 1.2.2 162.30 OK
r-release-linux-x86_64 1.2.2 85.13 38.70 123.83 OK
r-release-windows-ix86+x86_64 1.2.2 171.00 72.00 243.00 OK
r-release-osx-x86_64 1.2.2 OK
r-oldrel-windows-ix86+x86_64 1.2.2 118.00 96.00 214.00 OK
r-oldrel-osx-x86_64 1.2.2 OK

Check Details

Version: 1.2.2
Check: whether package can be installed
Result: WARN
    Found the following significant warnings:
     regalg.cpp:215:10: warning: explicitly assigning value of variable of type 'arma::mat' (aka 'Mat<double>') to itself [-Wself-assign-overloaded]
     regalg.cpp:454:10: warning: explicitly assigning value of variable of type 'arma::mat' (aka 'Mat<double>') to itself [-Wself-assign-overloaded]
Flavors: r-devel-linux-x86_64-debian-clang, r-devel-linux-x86_64-fedora-clang

Version: 1.2.2
Check: installed package size
Result: NOTE
     installed size is 5.7Mb
     sub-directories of 1Mb or more:
     libs 5.3Mb
Flavor: r-devel-linux-x86_64-fedora-clang

Version: 1.2.2
Check: compiled code
Result: NOTE
    File ‘resemble/libs/resemble.so’:
     Found no calls to: ‘R_registerRoutines’, ‘R_useDynamicSymbols’
    
    It is good practice to register native routines and to disable symbol
    search.
    
    See ‘Writing portable packages’ in the ‘Writing R Extensions’ manual.
Flavors: r-devel-linux-x86_64-fedora-clang, r-devel-linux-x86_64-fedora-gcc