CRAN Package Check Results for Package resemble

Last updated on 2017-11-23 22:47:14 CET.

Flavor Version Tinstall Tcheck Ttotal Status Flags
r-devel-linux-x86_64-debian-clang 1.2.2 43.77 38.64 82.41 NOTE
r-devel-linux-x86_64-debian-gcc 1.2.2 51.10 53.40 104.50 NOTE
r-devel-linux-x86_64-fedora-clang 1.2.2 134.49 NOTE
r-devel-linux-x86_64-fedora-gcc 1.2.2 132.35 NOTE
r-devel-windows-ix86+x86_64 1.2.2 131.00 103.00 234.00 OK
r-patched-linux-x86_64 1.2.2 68.03 62.48 130.52 NOTE
r-patched-solaris-x86 1.2.2 148.20 OK
r-release-linux-x86_64 1.2.2 48.69 25.95 74.63 NOTE
r-release-windows-ix86+x86_64 1.2.2 129.00 69.00 198.00 OK
r-release-osx-x86_64 1.2.2 OK
r-oldrel-windows-ix86+x86_64 1.2.2 130.00 67.00 197.00 OK
r-oldrel-osx-x86_64 1.2.2 OK

Check Details

Version: 1.2.2
Check: compiled code
Result: NOTE
    File ‘resemble/libs/resemble.so’:
     Found no calls to: ‘R_registerRoutines’, ‘R_useDynamicSymbols’
    
    It is good practice to register native routines and to disable symbol
    search.
    
    See ‘Writing portable packages’ in the ‘Writing R Extensions’ manual.
Flavors: r-devel-linux-x86_64-debian-clang, r-devel-linux-x86_64-debian-gcc, r-devel-linux-x86_64-fedora-clang, r-devel-linux-x86_64-fedora-gcc, r-patched-linux-x86_64, r-release-linux-x86_64

Version: 1.2.2
Check: installed package size
Result: NOTE
     installed size is 5.9Mb
     sub-directories of 1Mb or more:
     libs 5.6Mb
Flavor: r-devel-linux-x86_64-fedora-gcc