CRAN Package Check Results for Package resemble

Last updated on 2018-06-19 22:54:09 CEST.

Flavor Version Tinstall Tcheck Ttotal Status Flags
r-devel-linux-x86_64-debian-clang 1.2.2 77.69 41.10 118.79 NOTE
r-devel-linux-x86_64-debian-gcc 1.2.2 64.76 32.07 96.83 NOTE
r-devel-linux-x86_64-fedora-clang 1.2.2 156.82 NOTE
r-devel-linux-x86_64-fedora-gcc 1.2.2 140.86 NOTE
r-devel-windows-ix86+x86_64 1.2.2 177.00 75.00 252.00 OK
r-patched-linux-x86_64 1.2.2 75.07 38.73 113.80 NOTE
r-patched-solaris-x86 1.2.2 143.60 OK
r-release-linux-x86_64 1.2.2 76.59 38.42 115.01 NOTE
r-release-windows-ix86+x86_64 1.2.2 122.00 100.00 222.00 OK
r-release-osx-x86_64 1.2.2 OK
r-oldrel-windows-ix86+x86_64 1.2.2 121.00 90.00 211.00 OK
r-oldrel-osx-x86_64 1.2.2 OK

Check Details

Version: 1.2.2
Check: compiled code
Result: NOTE
    File ‘resemble/libs/resemble.so’:
     Found no calls to: ‘R_registerRoutines’, ‘R_useDynamicSymbols’
    
    It is good practice to register native routines and to disable symbol
    search.
    
    See ‘Writing portable packages’ in the ‘Writing R Extensions’ manual.
Flavors: r-devel-linux-x86_64-debian-clang, r-devel-linux-x86_64-debian-gcc, r-devel-linux-x86_64-fedora-clang, r-devel-linux-x86_64-fedora-gcc, r-patched-linux-x86_64, r-release-linux-x86_64

Version: 1.2.2
Check: installed package size
Result: NOTE
     installed size is 5.2Mb
     sub-directories of 1Mb or more:
     libs 4.8Mb
Flavor: r-devel-linux-x86_64-fedora-clang