CRAN Package Check Results for Package resemble

Last updated on 2018-09-17 22:51:15 CEST.

Flavor Version Tinstall Tcheck Ttotal Status Flags
r-devel-linux-x86_64-debian-clang 1.2.2 74.89 41.32 116.21 NOTE
r-devel-linux-x86_64-debian-gcc 1.2.2 69.02 33.25 102.27 NOTE
r-devel-linux-x86_64-fedora-clang 1.2.2 179.24 WARN
r-devel-linux-x86_64-fedora-gcc 1.2.2 163.19 NOTE
r-devel-windows-ix86+x86_64 1.2.2 181.00 111.00 292.00 OK
r-patched-linux-x86_64 1.2.2 86.64 38.40 125.04 NOTE
r-patched-solaris-x86 1.2.2 144.40 OK
r-release-linux-x86_64 1.2.2 85.51 38.43 123.94 NOTE
r-release-windows-ix86+x86_64 1.2.2 135.00 68.00 203.00 OK
r-release-osx-x86_64 1.2.2 OK
r-oldrel-windows-ix86+x86_64 1.2.2 120.00 75.00 195.00 OK
r-oldrel-osx-x86_64 1.2.2 OK

Check Details

Version: 1.2.2
Check: compiled code
Result: NOTE
    File ‘resemble/libs/resemble.so’:
     Found no calls to: ‘R_registerRoutines’, ‘R_useDynamicSymbols’
    
    It is good practice to register native routines and to disable symbol
    search.
    
    See ‘Writing portable packages’ in the ‘Writing R Extensions’ manual.
Flavors: r-devel-linux-x86_64-debian-clang, r-devel-linux-x86_64-debian-gcc, r-devel-linux-x86_64-fedora-clang, r-devel-linux-x86_64-fedora-gcc, r-patched-linux-x86_64, r-release-linux-x86_64

Version: 1.2.2
Check: whether package can be installed
Result: WARN
    Found the following significant warnings:
     regalg.cpp:215:10: warning: explicitly assigning value of variable of type 'arma::mat' (aka 'Mat<double>') to itself [-Wself-assign-overloaded]
     regalg.cpp:454:10: warning: explicitly assigning value of variable of type 'arma::mat' (aka 'Mat<double>') to itself [-Wself-assign-overloaded]
Flavor: r-devel-linux-x86_64-fedora-clang

Version: 1.2.2
Check: installed package size
Result: NOTE
     installed size is 5.6Mb
     sub-directories of 1Mb or more:
     libs 5.2Mb
Flavor: r-devel-linux-x86_64-fedora-clang