CRAN Package Check Results for Package reshape2

Last updated on 2022-12-05 23:01:33 CET.

Flavor Version Tinstall Tcheck Ttotal Status Flags
r-devel-linux-x86_64-debian-clang 1.4.4 19.56 37.11 56.67 NOTE
r-devel-linux-x86_64-debian-gcc 1.4.4 16.57 33.05 49.62 NOTE
r-devel-linux-x86_64-fedora-clang 1.4.4 89.38 NOTE
r-devel-linux-x86_64-fedora-gcc 1.4.4 89.15 NOTE
r-devel-windows-x86_64 1.4.4 31.00 90.00 121.00 NOTE
r-patched-linux-x86_64 1.4.4 16.62 41.08 57.70 OK
r-release-linux-x86_64 1.4.4 16.55 40.41 56.96 OK
r-release-macos-arm64 1.4.4 22.00 OK
r-release-macos-x86_64 1.4.4 34.00 OK
r-release-windows-x86_64 1.4.4 33.00 94.00 127.00 OK
r-oldrel-macos-arm64 1.4.4 26.00 OK
r-oldrel-macos-x86_64 1.4.4 38.00 OK
r-oldrel-windows-ix86+x86_64 1.4.4 51.00 88.00 139.00 OK

Check Details

Version: 1.4.4
Check: Rd files
Result: NOTE
    checkRd: (-1) cast.Rd:45: Escaped LaTeX specials: \_
    checkRd: (-1) cast.Rd:46: Escaped LaTeX specials: \_
Flavors: r-devel-linux-x86_64-debian-clang, r-devel-linux-x86_64-debian-gcc, r-devel-linux-x86_64-fedora-clang, r-devel-linux-x86_64-fedora-gcc, r-devel-windows-x86_64