Last updated on 2023-05-31 23:27:29 CEST.
Flavor | Version | Tinstall | Tcheck | Ttotal | Status | Flags |
---|---|---|---|---|---|---|
r-devel-linux-x86_64-debian-clang | 1.4.4 | 20.19 | 41.43 | 61.62 | NOTE | |
r-devel-linux-x86_64-debian-gcc | 1.4.4 | 17.46 | 32.43 | 49.89 | NOTE | |
r-devel-linux-x86_64-fedora-clang | 1.4.4 | 87.95 | NOTE | |||
r-devel-linux-x86_64-fedora-gcc | 1.4.4 | 85.40 | NOTE | |||
r-devel-windows-x86_64 | 1.4.4 | 21.00 | 71.00 | 92.00 | NOTE | |
r-patched-linux-x86_64 | 1.4.4 | NOTE | ||||
r-release-linux-x86_64 | 1.4.4 | 19.82 | 40.24 | 60.06 | NOTE | |
r-release-macos-arm64 | 1.4.4 | 27.00 | NOTE | |||
r-release-macos-x86_64 | 1.4.4 | 46.00 | NOTE | |||
r-release-windows-x86_64 | 1.4.4 | 27.00 | 82.00 | 109.00 | NOTE | |
r-oldrel-macos-arm64 | 1.4.4 | 22.00 | OK | |||
r-oldrel-macos-x86_64 | 1.4.4 | 34.00 | OK | |||
r-oldrel-windows-x86_64 | 1.4.4 | 24.00 | 77.00 | 101.00 | OK |
Version: 1.4.4
Check: Rd files
Result: NOTE
checkRd: (-1) cast.Rd:45: Escaped LaTeX specials: \_
checkRd: (-1) cast.Rd:46: Escaped LaTeX specials: \_
Flavors: r-devel-linux-x86_64-debian-clang, r-devel-linux-x86_64-debian-gcc, r-devel-linux-x86_64-fedora-clang, r-devel-linux-x86_64-fedora-gcc, r-devel-windows-x86_64, r-patched-linux-x86_64, r-release-linux-x86_64, r-release-macos-arm64, r-release-macos-x86_64, r-release-windows-x86_64